{"id":783,"date":"2014-10-15T14:46:10","date_gmt":"2014-10-15T12:46:10","guid":{"rendered":"http:\/\/didierlemarchand.net\/site\/?page_id=783"},"modified":"2023-02-07T15:49:19","modified_gmt":"2023-02-07T14:49:19","slug":"a-la-limite","status":"publish","type":"page","link":"https:\/\/didierlemarchand.net\/site\/portfolio-2\/espace\/a-la-limite\/","title":{"rendered":"\u00e0 la limite"},"content":{"rendered":"<p>1987 &#8211; s\u00e9rie de 10 travaux \u00a0&#8211; 200 x 50 cm &#8211; acrylique sur pvc extrud\u00e9<\/p>\n<div id=\"pratiques_texte\">\n<p>Peintures r\u00e9alis\u00e9es \u00e0 partir de d\u00e9tails d\u2019estampes japonaises. Assumer son h\u00e9ritage.<\/p>\n<p style=\"padding-left: 30px;\" align=\"justify\"><em>Quand les gens passent la nuit dans l\u2019all\u00e9e bleue &#8211; la nuit d\u2019hiver. Les branches bougent contre les murs, contre la haie qui se retranche &#8211; la barri\u00e8re enchant\u00e9e dans le gris plus \u00e9pais &#8211; le trou vivant des ombres.<\/em><br \/>\n<em> Si les lumi\u00e8res courent, si elles naissent et meurent, tout ce qui est devant s\u2019anime et les yeux sont meurtris. Tout ce qui p\u00e8se sur cet espace \u00e9troit o\u00f9 s\u2019accoude la nuit.<\/em><br \/>\n<em> La t\u00eate a son rayon qui file loin du monde. Le c\u0153ur parti \u00e0 l\u2019aile et faible au souvenir. S\u2019il fait froid dans l\u2019all\u00e9e vide o\u00f9 le vent s\u2019arr\u00eate aux branches qui d\u00e9chirent &#8211; o\u00f9 l\u2019aile immense touche en remuant la pluie &#8211; une larme au rebord du toit luisant, un mot qui plane. Et la lumi\u00e8re fixe dans le cadre des lignes &#8211; Tous ces gens qui passent le soir d\u2019hiver dans l\u2019all\u00e9e bleue et grise qui traverse la nuit.<\/em><\/p>\n<p style=\"padding-left: 30px;\" align=\"justify\">P. Reverdy, Flaques de verre.<\/p>\n<p>&nbsp;<\/p>\n<p style=\"text-align: center;\">&#8211;<\/p>\n<p style=\"text-align: center;\">\n<\/div>\n<div id=\"photo\"><img loading=\"lazy\" decoding=\"async\" class=\"aligncenter colorbox-783\" src=\"http:\/\/didierlemarchand.net\/4_site_nouveau\/portfolio-N3\/travaux_anciens\/alalimite.jpg\" alt=\"\u00e0 la limite\" width=\"112\" height=\"438\" \/><\/div>\n","protected":false},"excerpt":{"rendered":"<p>1987 &#8211; s\u00e9rie de 10 travaux \u00a0&#8211; 200 x 50 cm &#8211; acrylique sur pvc extrud\u00e9 Peintures r\u00e9alis\u00e9es \u00e0 partir <span class=\"ellipsis\">&hellip;<\/span> <span class=\"more-link-wrap\"><a href=\"https:\/\/didierlemarchand.net\/site\/portfolio-2\/espace\/a-la-limite\/\" class=\"more-link\"><span>Continue Reading &rarr;<\/span><\/a><\/span><\/p>\n","protected":false},"author":2,"featured_media":0,"parent":1298,"menu_order":0,"comment_status":"closed","ping_status":"closed","template":"","meta":{"_seopress_robots_primary_cat":"","_seopress_titles_title":"","_seopress_titles_desc":"","_seopress_robots_index":"","footnotes":""},"_links":{"self":[{"href":"https:\/\/didierlemarchand.net\/site\/wp-json\/wp\/v2\/pages\/783"}],"collection":[{"href":"https:\/\/didierlemarchand.net\/site\/wp-json\/wp\/v2\/pages"}],"about":[{"href":"https:\/\/didierlemarchand.net\/site\/wp-json\/wp\/v2\/types\/page"}],"author":[{"embeddable":true,"href":"https:\/\/didierlemarchand.net\/site\/wp-json\/wp\/v2\/users\/2"}],"replies":[{"embeddable":true,"href":"https:\/\/didierlemarchand.net\/site\/wp-json\/wp\/v2\/comments?post=783"}],"version-history":[{"count":4,"href":"https:\/\/didierlemarchand.net\/site\/wp-json\/wp\/v2\/pages\/783\/revisions"}],"predecessor-version":[{"id":2314,"href":"https:\/\/didierlemarchand.net\/site\/wp-json\/wp\/v2\/pages\/783\/revisions\/2314"}],"up":[{"embeddable":true,"href":"https:\/\/didierlemarchand.net\/site\/wp-json\/wp\/v2\/pages\/1298"}],"wp:attachment":[{"href":"https:\/\/didierlemarchand.net\/site\/wp-json\/wp\/v2\/media?parent=783"}],"curies":[{"name":"wp","href":"https:\/\/api.w.org\/{rel}","templated":true}]}}