{"id":750,"date":"2014-10-14T22:42:10","date_gmt":"2014-10-14T20:42:10","guid":{"rendered":"http:\/\/didierlemarchand.net\/site\/?page_id=750"},"modified":"2018-02-22T15:47:46","modified_gmt":"2018-02-22T14:47:46","slug":"vitres-exposees","status":"publish","type":"page","link":"https:\/\/didierlemarchand.net\/site\/portfolio-2\/espace\/vitres-exposees\/","title":{"rendered":"vitres expos\u00e9es"},"content":{"rendered":"<p>1988 &#8211; s\u00e9rie de 12 travaux \u00a0&#8211; 115 x 158 cm &#8211; photocopies sur film transparent<\/p>\n<p><strong>vitre<\/strong>\u00a0: ensemble de photocopies obtenues par le d\u00e9placement d\u2019une feuille blanche plac\u00e9e obliquement sur la vitre d\u2019exposition qu\u2019elle effleure plus ou moins. Chaque photocopie est divis\u00e9e en modulesqui sont brass\u00e9s puis r\u00e9assembl\u00e9s par groupes de 18 pour cr\u00e9er une nouvelle composition. L\u2019agrandissement de ces modules, en 6 \u00e9tapes successives, accentue le contraste g\u00e9n\u00e9ral de l\u2019ensemble et apporte aux aplats une mati\u00e8re inexistante au d\u00e9part.<\/p>\n<p>Cette fen\u00eatre illusionniste sugg\u00e8re une ouverture. De par la transparence, cette envie d\u2019au-del\u00e0 s\u2019arr\u00eate au mur. Ouverture qui se referme sur elle-m\u00eame.<br \/>\nLes reflets de lumi\u00e8re bien r\u00e9elle s\u2019ajoutent aux lumi\u00e8res contenues dans l\u2019\u0153uvre. Ils en amplifient l\u2019ambigu\u00eft\u00e9 et en font \u00e9clater l\u2019unit\u00e9.<br \/>\nG\u00ean\u00e9, le spectateur est contraint de se d\u00e9placer. Gestuelle devant l\u2019\u0153uvre qui rappelle en \u00e9cho la mienne devant le photocopieur.<\/p>\n<p><strong>exposition<\/strong>\u00a0: la vitre du photocopieur est expos\u00e9e \u00e0 la lumi\u00e8re r\u00e9elle.<br \/>\nLe travail est expos\u00e9 , il s\u2019expose au regard du spectateur.<br \/>\nLa structure noire du ruban adh\u00e9sif cr\u00e9e l\u2019illusion d\u2019une fen\u00eatre, les zones blanches (transparentes) celle de lueurs : \u00e9vocation d\u2019une menace devant laquelle la vitre n\u2019offre qu\u2019une protection relative.<\/p>\n<p>&nbsp;<\/p>\n<p style=\"text-align: center;\">&#8211;<\/p>\n<div id=\"photo\" style=\"text-align: center;\"><img class=\"colorbox-750\"  loading=\"lazy\" decoding=\"async\" src=\"http:\/\/didierlemarchand.net\/4_site_nouveau\/portfolio-N3\/travaux_anciens\/vitre_exposee_1.jpg\" alt=\"vitres expos\u00e9es\" width=\"602\" height=\"438\" \/><\/div>\n<div style=\"text-align: center;\">&#8211;<\/div>\n<div style=\"text-align: center;\"><\/div>\n<div id=\"photo\">\n<p><img loading=\"lazy\" decoding=\"async\" class=\"aligncenter colorbox-750\" src=\"http:\/\/didierlemarchand.net\/4_site_nouveau\/portfolio-N3\/travaux_anciens\/vitre_exposee_1_det.jpg\" alt=\"d\u00e9tail\" width=\"364\" height=\"232\" \/><\/p>\n<p style=\"text-align: center;\" align=\"right\">d\u00e9tail<\/p>\n<\/div>\n","protected":false},"excerpt":{"rendered":"<p>1988 &#8211; s\u00e9rie de 12 travaux \u00a0&#8211; 115 x 158 cm &#8211; photocopies sur film transparent vitre\u00a0: ensemble de photocopies <span class=\"ellipsis\">&hellip;<\/span> <span class=\"more-link-wrap\"><a href=\"https:\/\/didierlemarchand.net\/site\/portfolio-2\/espace\/vitres-exposees\/\" class=\"more-link\"><span>Continue Reading &rarr;<\/span><\/a><\/span><\/p>\n","protected":false},"author":2,"featured_media":0,"parent":1298,"menu_order":313,"comment_status":"closed","ping_status":"closed","template":"","meta":{"_seopress_robots_primary_cat":"","_seopress_titles_title":"","_seopress_titles_desc":"","_seopress_robots_index":"","footnotes":""},"_links":{"self":[{"href":"https:\/\/didierlemarchand.net\/site\/wp-json\/wp\/v2\/pages\/750"}],"collection":[{"href":"https:\/\/didierlemarchand.net\/site\/wp-json\/wp\/v2\/pages"}],"about":[{"href":"https:\/\/didierlemarchand.net\/site\/wp-json\/wp\/v2\/types\/page"}],"author":[{"embeddable":true,"href":"https:\/\/didierlemarchand.net\/site\/wp-json\/wp\/v2\/users\/2"}],"replies":[{"embeddable":true,"href":"https:\/\/didierlemarchand.net\/site\/wp-json\/wp\/v2\/comments?post=750"}],"version-history":[{"count":4,"href":"https:\/\/didierlemarchand.net\/site\/wp-json\/wp\/v2\/pages\/750\/revisions"}],"predecessor-version":[{"id":2300,"href":"https:\/\/didierlemarchand.net\/site\/wp-json\/wp\/v2\/pages\/750\/revisions\/2300"}],"up":[{"embeddable":true,"href":"https:\/\/didierlemarchand.net\/site\/wp-json\/wp\/v2\/pages\/1298"}],"wp:attachment":[{"href":"https:\/\/didierlemarchand.net\/site\/wp-json\/wp\/v2\/media?parent=750"}],"curies":[{"name":"wp","href":"https:\/\/api.w.org\/{rel}","templated":true}]}}