{"id":728,"date":"2014-10-14T19:27:43","date_gmt":"2014-10-14T17:27:43","guid":{"rendered":"http:\/\/didierlemarchand.net\/site\/?page_id=728"},"modified":"2018-02-22T15:40:44","modified_gmt":"2018-02-22T14:40:44","slug":"occurrences-2","status":"publish","type":"page","link":"https:\/\/didierlemarchand.net\/site\/portfolio-2\/espace\/occurrences-2\/","title":{"rendered":"occurrences 2"},"content":{"rendered":"<p>1994 &#8211; s\u00e9rie de 12 travaux\u00a0&#8211; 6,6 x 27,7 cm &#8211; photocopies sur film transparent<\/p>\n<p>Au d\u00e9part : des r\u00e9sidus de paille photocopi\u00e9s plusieurs fois de suite pour les \u00e9claircir dans les deux sens du terme, plus clairs et moins serr\u00e9s. Les images obtenues sont d\u00e9coup\u00e9es puis assembl\u00e9es par trois. Les ensembles ainsi r\u00e9alis\u00e9s sont photocopi\u00e9s sur film transparent puis pr\u00e9sent\u00e9s sur trois couches \u00e9loign\u00e9es l&rsquo;une de l&rsquo;autre de 2mm. Le tout est plac\u00e9 derri\u00e8re un passe-vue.<\/p>\n<ul>\n<li>vision panoramique : l&rsquo;infini \u00e0 travers une meurtri\u00e8re<\/li>\n<li>mouvement : jonctions et ruptures, courbes et contrecourbes de droites<\/li>\n<li>d\u00e9multiplication : 3 couches qui, par l&rsquo;ombre port\u00e9e en cr\u00e9ent une 4\u00e8me<\/li>\n<\/ul>\n<p style=\"text-align: center;\">&#8211;<\/p>\n<div id=\"photo\" style=\"text-align: center;\"><img class=\"colorbox-728\"  loading=\"lazy\" decoding=\"async\" src=\"http:\/\/didierlemarchand.net\/4_site_nouveau\/portfolio-N3\/travaux_anciens\/occurrences_2.jpg\" alt=\"occurrences 2\" width=\"695\" height=\"169\" \/><\/div>\n<div style=\"text-align: center;\"><\/div>\n<div style=\"text-align: center;\">&#8211;<\/div>\n<div style=\"text-align: center;\"><\/div>\n<div id=\"photo\" style=\"text-align: center;\"><img class=\"colorbox-728\"  loading=\"lazy\" decoding=\"async\" src=\"http:\/\/didierlemarchand.net\/4_site_nouveau\/portfolio-N3\/travaux_anciens\/occurrences_2det1.jpg\" alt=\"occurrences 2\" width=\"212\" height=\"169\" \/><\/div>\n<div style=\"text-align: center;\"><\/div>\n<div id=\"photo_fin\"><img loading=\"lazy\" decoding=\"async\" class=\"aligncenter colorbox-728\" src=\"http:\/\/didierlemarchand.net\/4_site_nouveau\/portfolio-N3\/travaux_anciens\/occurrences_2det2.jpg\" alt=\"occurrences 2\" width=\"169\" height=\"169\" \/><\/div>\n","protected":false},"excerpt":{"rendered":"<p>1994 &#8211; s\u00e9rie de 12 travaux\u00a0&#8211; 6,6 x 27,7 cm &#8211; photocopies sur film transparent Au d\u00e9part : des r\u00e9sidus <span class=\"ellipsis\">&hellip;<\/span> <span class=\"more-link-wrap\"><a href=\"https:\/\/didierlemarchand.net\/site\/portfolio-2\/espace\/occurrences-2\/\" class=\"more-link\"><span>Continue Reading &rarr;<\/span><\/a><\/span><\/p>\n","protected":false},"author":2,"featured_media":0,"parent":1298,"menu_order":264,"comment_status":"closed","ping_status":"closed","template":"","meta":{"_seopress_robots_primary_cat":"","_seopress_titles_title":"","_seopress_titles_desc":"","_seopress_robots_index":"","footnotes":""},"_links":{"self":[{"href":"https:\/\/didierlemarchand.net\/site\/wp-json\/wp\/v2\/pages\/728"}],"collection":[{"href":"https:\/\/didierlemarchand.net\/site\/wp-json\/wp\/v2\/pages"}],"about":[{"href":"https:\/\/didierlemarchand.net\/site\/wp-json\/wp\/v2\/types\/page"}],"author":[{"embeddable":true,"href":"https:\/\/didierlemarchand.net\/site\/wp-json\/wp\/v2\/users\/2"}],"replies":[{"embeddable":true,"href":"https:\/\/didierlemarchand.net\/site\/wp-json\/wp\/v2\/comments?post=728"}],"version-history":[{"count":4,"href":"https:\/\/didierlemarchand.net\/site\/wp-json\/wp\/v2\/pages\/728\/revisions"}],"predecessor-version":[{"id":2291,"href":"https:\/\/didierlemarchand.net\/site\/wp-json\/wp\/v2\/pages\/728\/revisions\/2291"}],"up":[{"embeddable":true,"href":"https:\/\/didierlemarchand.net\/site\/wp-json\/wp\/v2\/pages\/1298"}],"wp:attachment":[{"href":"https:\/\/didierlemarchand.net\/site\/wp-json\/wp\/v2\/media?parent=728"}],"curies":[{"name":"wp","href":"https:\/\/api.w.org\/{rel}","templated":true}]}}