{"id":725,"date":"2014-10-14T19:25:59","date_gmt":"2014-10-14T17:25:59","guid":{"rendered":"http:\/\/didierlemarchand.net\/site\/?page_id=725"},"modified":"2018-02-22T15:40:02","modified_gmt":"2018-02-22T14:40:02","slug":"traversees-5","status":"publish","type":"page","link":"https:\/\/didierlemarchand.net\/site\/portfolio-2\/espace\/traversees-5\/","title":{"rendered":"travers(\u00e9)es 5"},"content":{"rendered":"<p>1993 &#8211; s\u00e9rie de 12 travaux &#8211; 118 x 80 cm &#8211; encre grasse noire sur film polyester<\/p>\n<p>Travaux r\u00e9alis\u00e9s sur film transparent souple, sur lequel est d\u00e9pos\u00e9e une encre grasse noire au pinceau.<\/p>\n<p>Mouvement de vagues qui se r\u00e9p\u00e8tent, se d\u00e9multiplient, sans jamais \u00eatre exactement les m\u00eames.<br \/>\nLes traces se d\u00e9doublent, par leur ombre, sur le mur.<\/p>\n<p style=\"text-align: center;\">&#8211;<\/p>\n<p>&nbsp;<\/p>\n<div id=\"photo\"><img loading=\"lazy\" decoding=\"async\" class=\"aligncenter colorbox-725\" src=\"http:\/\/didierlemarchand.net\/4_site_nouveau\/portfolio-N3\/travaux_anciens\/traversee5.png\" alt=\"travers(\u00e9)es 5\" width=\"661\" height=\"438\" \/><\/div>\n<div style=\"text-align: center;\">&#8211;<\/div>\n<div id=\"photo\">\n<p><img loading=\"lazy\" decoding=\"async\" class=\"aligncenter colorbox-725\" src=\"http:\/\/didierlemarchand.net\/4_site_nouveau\/portfolio-N3\/travaux_anciens\/traversee5_det2.jpg\" alt=\"travers(\u00e9)es 5\" width=\"346\" height=\"222\" \/><\/p>\n<p style=\"text-align: center;\" align=\"right\">d\u00e9tail<\/p>\n<p align=\"right\">&#8211;<\/p>\n<\/div>\n<div id=\"photo_fin\">\n<p><img loading=\"lazy\" decoding=\"async\" class=\"aligncenter colorbox-725\" src=\"http:\/\/didierlemarchand.net\/4_site_nouveau\/portfolio-N3\/travaux_anciens\/traversee5_situation.jpg\" alt=\"travers(\u00e9)es 5\" width=\"397\" height=\"222\" \/><\/p>\n<p style=\"text-align: center;\" align=\"right\">exposition chez Ir\u00e8ne Jouhet-Soler 1994<\/p>\n<\/div>\n","protected":false},"excerpt":{"rendered":"<p>1993 &#8211; s\u00e9rie de 12 travaux &#8211; 118 x 80 cm &#8211; encre grasse noire sur film polyester Travaux r\u00e9alis\u00e9s <span class=\"ellipsis\">&hellip;<\/span> <span class=\"more-link-wrap\"><a href=\"https:\/\/didierlemarchand.net\/site\/portfolio-2\/espace\/traversees-5\/\" class=\"more-link\"><span>Continue Reading &rarr;<\/span><\/a><\/span><\/p>\n","protected":false},"author":2,"featured_media":0,"parent":1298,"menu_order":308,"comment_status":"closed","ping_status":"closed","template":"","meta":{"_seopress_robots_primary_cat":"","_seopress_titles_title":"","_seopress_titles_desc":"","_seopress_robots_index":"","footnotes":""},"_links":{"self":[{"href":"https:\/\/didierlemarchand.net\/site\/wp-json\/wp\/v2\/pages\/725"}],"collection":[{"href":"https:\/\/didierlemarchand.net\/site\/wp-json\/wp\/v2\/pages"}],"about":[{"href":"https:\/\/didierlemarchand.net\/site\/wp-json\/wp\/v2\/types\/page"}],"author":[{"embeddable":true,"href":"https:\/\/didierlemarchand.net\/site\/wp-json\/wp\/v2\/users\/2"}],"replies":[{"embeddable":true,"href":"https:\/\/didierlemarchand.net\/site\/wp-json\/wp\/v2\/comments?post=725"}],"version-history":[{"count":4,"href":"https:\/\/didierlemarchand.net\/site\/wp-json\/wp\/v2\/pages\/725\/revisions"}],"predecessor-version":[{"id":2290,"href":"https:\/\/didierlemarchand.net\/site\/wp-json\/wp\/v2\/pages\/725\/revisions\/2290"}],"up":[{"embeddable":true,"href":"https:\/\/didierlemarchand.net\/site\/wp-json\/wp\/v2\/pages\/1298"}],"wp:attachment":[{"href":"https:\/\/didierlemarchand.net\/site\/wp-json\/wp\/v2\/media?parent=725"}],"curies":[{"name":"wp","href":"https:\/\/api.w.org\/{rel}","templated":true}]}}