{"id":692,"date":"2014-10-14T18:44:46","date_gmt":"2014-10-14T16:44:46","guid":{"rendered":"http:\/\/didierlemarchand.net\/site\/?page_id=692"},"modified":"2018-02-22T15:22:41","modified_gmt":"2018-02-22T14:22:41","slug":"arriere-fond-6-7","status":"publish","type":"page","link":"https:\/\/didierlemarchand.net\/site\/portfolio-2\/espace\/arriere-fond-6-7\/","title":{"rendered":"arri\u00e8re-fond 1 &#038; 2"},"content":{"rendered":"<div id=\"pratiques_texte\">\n<p>1997 &#8211; s\u00e9rie en cours de num\u00e9risation\u00a0 &#8211; 22 x 19,8 cm<\/p>\n<p>Photographies d\u2019actualit\u00e9s ou de publicit\u00e9 de revues, photographies de la soci\u00e9t\u00e9 de consommation : j&rsquo;en ai extrait les arri\u00e8re-plans pour en faire des photo-montages, retravaill\u00e9s \u00e0 l\u2019ordinateur.<\/p>\n<p>Approfondir ce qui est \u00e0 l&rsquo;\u0153uvre dans l&rsquo;attirance pour les arri\u00e8re-plans de ces photographies plut\u00f4t que pour leur motif principal.<\/p>\n<p>Retrouver dans ces images l\u2019espace int\u00e9rieur entrevu furtivement mais irr\u00e9sistiblement dans le feuilletement de revues.<\/p>\n<p style=\"text-align: center;\">&#8211;<\/p>\n<p><img loading=\"lazy\" decoding=\"async\" class=\"aligncenter colorbox-692\" src=\"http:\/\/didierlemarchand.net\/4_site_nouveau\/portfolio-N3\/travaux_anciens\/arriere_fond_01.jpg\" alt=\"arri\u00e8re-fond.1\" width=\"394\" height=\"438\" \/><\/p>\n","protected":false},"excerpt":{"rendered":"<p>1997 &#8211; s\u00e9rie en cours de num\u00e9risation\u00a0 &#8211; 22 x 19,8 cm Photographies d\u2019actualit\u00e9s ou de publicit\u00e9 de revues, photographies <span class=\"ellipsis\">&hellip;<\/span> <span class=\"more-link-wrap\"><a href=\"https:\/\/didierlemarchand.net\/site\/portfolio-2\/espace\/arriere-fond-6-7\/\" class=\"more-link\"><span>Continue Reading &rarr;<\/span><\/a><\/span><\/p>\n","protected":false},"author":2,"featured_media":0,"parent":1298,"menu_order":172,"comment_status":"closed","ping_status":"closed","template":"","meta":{"_seopress_robots_primary_cat":"","_seopress_titles_title":"","_seopress_titles_desc":"","_seopress_robots_index":"","footnotes":""},"_links":{"self":[{"href":"https:\/\/didierlemarchand.net\/site\/wp-json\/wp\/v2\/pages\/692"}],"collection":[{"href":"https:\/\/didierlemarchand.net\/site\/wp-json\/wp\/v2\/pages"}],"about":[{"href":"https:\/\/didierlemarchand.net\/site\/wp-json\/wp\/v2\/types\/page"}],"author":[{"embeddable":true,"href":"https:\/\/didierlemarchand.net\/site\/wp-json\/wp\/v2\/users\/2"}],"replies":[{"embeddable":true,"href":"https:\/\/didierlemarchand.net\/site\/wp-json\/wp\/v2\/comments?post=692"}],"version-history":[{"count":5,"href":"https:\/\/didierlemarchand.net\/site\/wp-json\/wp\/v2\/pages\/692\/revisions"}],"predecessor-version":[{"id":2280,"href":"https:\/\/didierlemarchand.net\/site\/wp-json\/wp\/v2\/pages\/692\/revisions\/2280"}],"up":[{"embeddable":true,"href":"https:\/\/didierlemarchand.net\/site\/wp-json\/wp\/v2\/pages\/1298"}],"wp:attachment":[{"href":"https:\/\/didierlemarchand.net\/site\/wp-json\/wp\/v2\/media?parent=692"}],"curies":[{"name":"wp","href":"https:\/\/api.w.org\/{rel}","templated":true}]}}