{"id":586,"date":"2014-10-06T21:26:02","date_gmt":"2014-10-06T19:26:02","guid":{"rendered":"http:\/\/didierlemarchand.net\/site\/?page_id=586"},"modified":"2018-02-21T17:17:04","modified_gmt":"2018-02-21T16:17:04","slug":"apparence-2","status":"publish","type":"page","link":"https:\/\/didierlemarchand.net\/site\/portfolio-2\/espace\/apparence-2\/","title":{"rendered":"apparence 2"},"content":{"rendered":"<p style=\"text-align: center;\">1997 &#8211; impressions jet d&rsquo;encre pigmentaire &#8211; format : 20 x 20 cm<\/p>\n<p style=\"text-align: center;\"><a href=\"http:\/\/didierlemarchand.net\/4_site_nouveau\/dossiers_telechargeables\/D_Lemarchand_apparence_2.pdf\" target=\"_blank\" rel=\"noopener\">dossier de pr\u00e9sentation t\u00e9l\u00e9chargeable<\/a><\/p>\n<h1 style=\"text-align: center;\">&#8211;<\/h1>\n<h1 id=\"photo\" style=\"text-align: center;\"><img class=\"colorbox-586\"  loading=\"lazy\" decoding=\"async\" src=\"http:\/\/didierlemarchand.net\/4_site_nouveau\/portfolio-N3\/espace_N3\/apparence_2\/apparence_02_01.jpg\" alt=\"apparence 2.01\" width=\"438\" height=\"438\" \/><\/h1>\n<h1><\/h1>\n<p>&nbsp;<\/p>\n<h1 style=\"text-align: center;\">&#8211;<\/h1>\n<h1><\/h1>\n<p>&nbsp;<\/p>\n<h1 id=\"photo\" style=\"text-align: center;\"><img class=\"colorbox-586\"  loading=\"lazy\" decoding=\"async\" src=\"http:\/\/didierlemarchand.net\/4_site_nouveau\/portfolio-N3\/espace_N3\/apparence_2\/apparence_02_02.jpg\" alt=\"apparence 2.02\" width=\"438\" height=\"438\" \/><\/h1>\n<h1><\/h1>\n<p>&nbsp;<\/p>\n<h1 style=\"text-align: center;\">&#8211;<\/h1>\n<h1><\/h1>\n<p>&nbsp;<\/p>\n<h1 id=\"photo\" style=\"text-align: center;\"><img class=\"colorbox-586\"  loading=\"lazy\" decoding=\"async\" src=\"http:\/\/didierlemarchand.net\/4_site_nouveau\/portfolio-N3\/espace_N3\/apparence_2\/apparence_02_03.jpg\" alt=\"apparence 2.03\" width=\"438\" height=\"438\" \/><\/h1>\n<h1><\/h1>\n<p>&nbsp;<\/p>\n<h1 style=\"text-align: center;\">&#8211;<\/h1>\n<h1><\/h1>\n<p>&nbsp;<\/p>\n<h1 id=\"photo\" style=\"text-align: center;\"><img class=\"colorbox-586\"  loading=\"lazy\" decoding=\"async\" src=\"http:\/\/didierlemarchand.net\/4_site_nouveau\/portfolio-N3\/espace_N3\/apparence_2\/apparence_02_04.jpg\" alt=\"apparence 2.04\" width=\"438\" height=\"438\" \/><\/h1>\n<h1><\/h1>\n<p>&nbsp;<\/p>\n<h1 style=\"text-align: center;\">&#8211;<\/h1>\n<h1><\/h1>\n<p>&nbsp;<\/p>\n<h1 id=\"photo\" style=\"text-align: center;\"><img class=\"colorbox-586\"  loading=\"lazy\" decoding=\"async\" src=\"http:\/\/didierlemarchand.net\/4_site_nouveau\/portfolio-N3\/espace_N3\/apparence_2\/apparence_02_05.jpg\" alt=\"apparence 2.05\" width=\"438\" height=\"438\" \/><\/h1>\n<h1><\/h1>\n<p>&nbsp;<\/p>\n<h1 style=\"text-align: center;\">&#8211;<\/h1>\n<h1><\/h1>\n<p>&nbsp;<\/p>\n<h1 id=\"photo_fin\" style=\"text-align: center;\"><img class=\"colorbox-586\"  loading=\"lazy\" decoding=\"async\" src=\"http:\/\/didierlemarchand.net\/4_site_nouveau\/portfolio-N3\/espace_N3\/apparence_2\/apparence_02_06.jpg\" alt=\"apparence 2.06\" width=\"438\" height=\"438\" \/><\/h1>\n<h1><\/h1>\n<h1 style=\"text-align: center;\">&#8211;<\/h1>\n<p align=\"justify\">Longue attente sur le parking du supermarch\u00e9.<\/p>\n<p align=\"justify\">La grande surface porte bien son nom : ext\u00e9rieurement on ne voit que de la surface, de la t\u00f4le peinte, plus ou moins en bon \u00e9tat. Ce n\u2019est pas pr\u00e9vu pour \u00eatre regard\u00e9 de l\u2019ext\u00e9rieur par le pi\u00e9ton : l\u2019apparence est pour l\u2019int\u00e9rieur.<\/p>\n<p align=\"justify\">A cot\u00e9 du hangar, les vitres fum\u00e9es de la caf\u00e9t\u00e9ria.<br \/>\nMon regard s\u2019y vide, les arbres reflet\u00e9s se superposent aux \u00e9clairages int\u00e9rieurs.<br \/>\nD&rsquo;ailleurs sont-ils r\u00e9ellement situ\u00e9s l\u00e0. Mes rep\u00e8res spatiaux habituels ne fonctionnent plus. Mon regard est aspir\u00e9, englouti.<\/p>\n","protected":false},"excerpt":{"rendered":"<p>1997 &#8211; impressions jet d&rsquo;encre pigmentaire &#8211; format : 20 x 20 cm dossier de pr\u00e9sentation t\u00e9l\u00e9chargeable &#8211; &nbsp; &#8211; <span class=\"ellipsis\">&hellip;<\/span> <span class=\"more-link-wrap\"><a href=\"https:\/\/didierlemarchand.net\/site\/portfolio-2\/espace\/apparence-2\/\" class=\"more-link\"><span>Continue Reading &rarr;<\/span><\/a><\/span><\/p>\n","protected":false},"author":2,"featured_media":0,"parent":1298,"menu_order":129,"comment_status":"closed","ping_status":"closed","template":"","meta":{"_seopress_robots_primary_cat":"","_seopress_titles_title":"","_seopress_titles_desc":"","_seopress_robots_index":"","footnotes":""},"_links":{"self":[{"href":"https:\/\/didierlemarchand.net\/site\/wp-json\/wp\/v2\/pages\/586"}],"collection":[{"href":"https:\/\/didierlemarchand.net\/site\/wp-json\/wp\/v2\/pages"}],"about":[{"href":"https:\/\/didierlemarchand.net\/site\/wp-json\/wp\/v2\/types\/page"}],"author":[{"embeddable":true,"href":"https:\/\/didierlemarchand.net\/site\/wp-json\/wp\/v2\/users\/2"}],"replies":[{"embeddable":true,"href":"https:\/\/didierlemarchand.net\/site\/wp-json\/wp\/v2\/comments?post=586"}],"version-history":[{"count":9,"href":"https:\/\/didierlemarchand.net\/site\/wp-json\/wp\/v2\/pages\/586\/revisions"}],"predecessor-version":[{"id":2246,"href":"https:\/\/didierlemarchand.net\/site\/wp-json\/wp\/v2\/pages\/586\/revisions\/2246"}],"up":[{"embeddable":true,"href":"https:\/\/didierlemarchand.net\/site\/wp-json\/wp\/v2\/pages\/1298"}],"wp:attachment":[{"href":"https:\/\/didierlemarchand.net\/site\/wp-json\/wp\/v2\/media?parent=586"}],"curies":[{"name":"wp","href":"https:\/\/api.w.org\/{rel}","templated":true}]}}