{"id":534,"date":"2014-10-06T19:09:23","date_gmt":"2014-10-06T17:09:23","guid":{"rendered":"http:\/\/didierlemarchand.net\/site\/?page_id=534"},"modified":"2018-02-27T15:08:37","modified_gmt":"2018-02-27T14:08:37","slug":"vis-a-vis","status":"publish","type":"page","link":"https:\/\/didierlemarchand.net\/site\/portfolio-2\/presence\/vis-a-vis\/","title":{"rendered":"vies \u00e0 vies"},"content":{"rendered":"<p style=\"text-align: center;\">2000 \u2013 s\u00e9rie de 9 travaux \u2013 22 x 28,5 cm \u2013 impression pigmentaire<br \/>\n<a href=\"http:\/\/didierlemarchand.net\/4_site_nouveau\/dossiers_telechargeables\/D_Lemarchand_vies_a_vies_1.pdf\" target=\"_blank\" rel=\"noopener\">dossier de pr\u00e9sentation t\u00e9l\u00e9chargeable<\/a><\/p>\n<h1 style=\"text-align: center;\">&#8211;<\/h1>\n<p style=\"text-align: center;\"><img loading=\"lazy\" decoding=\"async\" class=\"alignnone size-medium colorbox-534\" src=\"http:\/\/didierlemarchand.net\/4_site_nouveau\/portfolio-N3\/presence_N3\/PF3_vis_a_vis_1\/vis_a_vis_1_01.jpg\" width=\"569\" height=\"438\" \/><\/p>\n<h1><\/h1>\n<p>&nbsp;<\/p>\n<h1 style=\"text-align: center;\">&#8211;<\/h1>\n<h1><\/h1>\n<p>&nbsp;<\/p>\n<p style=\"text-align: center;\"><img loading=\"lazy\" decoding=\"async\" class=\"alignnone size-medium colorbox-534\" src=\"http:\/\/didierlemarchand.net\/4_site_nouveau\/portfolio-N3\/presence_N3\/PF3_vis_a_vis_1\/vis_a_vis_1_02.jpg\" width=\"569\" height=\"438\" \/><\/p>\n<h1><\/h1>\n<p>&nbsp;<\/p>\n<h1 style=\"text-align: center;\">&#8211;<\/h1>\n<h1><\/h1>\n<p>&nbsp;<\/p>\n<p style=\"text-align: center;\"><img loading=\"lazy\" decoding=\"async\" class=\"alignnone size-medium colorbox-534\" src=\"http:\/\/didierlemarchand.net\/4_site_nouveau\/portfolio-N3\/presence_N3\/PF3_vis_a_vis_1\/vis_a_vis_1_03.jpg\" width=\"569\" height=\"438\" \/><\/p>\n<h1><\/h1>\n<p>&nbsp;<\/p>\n<h1 style=\"text-align: center;\">&#8211;<\/h1>\n<h1><\/h1>\n<p>&nbsp;<\/p>\n<p style=\"text-align: center;\"><img loading=\"lazy\" decoding=\"async\" class=\"alignnone size-medium colorbox-534\" src=\"http:\/\/didierlemarchand.net\/4_site_nouveau\/portfolio-N3\/presence_N3\/PF3_vis_a_vis_1\/vis_a_vis_1_04.jpg\" width=\"569\" height=\"438\" \/><\/p>\n<h1><\/h1>\n<p>&nbsp;<\/p>\n<h1 style=\"text-align: center;\">&#8211;<\/h1>\n<h1><\/h1>\n<p>&nbsp;<\/p>\n<p style=\"text-align: center;\"><img loading=\"lazy\" decoding=\"async\" class=\"alignnone size-medium colorbox-534\" src=\"http:\/\/didierlemarchand.net\/4_site_nouveau\/portfolio-N3\/presence_N3\/PF3_vis_a_vis_1\/vis_a_vis_1_05.jpg\" width=\"569\" height=\"438\" \/><\/p>\n<h1><\/h1>\n<p>&nbsp;<\/p>\n<h1 style=\"text-align: center;\">&#8211;<\/h1>\n<h1><\/h1>\n<p>&nbsp;<\/p>\n<p style=\"text-align: center;\"><img loading=\"lazy\" decoding=\"async\" class=\"alignnone size-medium colorbox-534\" src=\"http:\/\/didierlemarchand.net\/4_site_nouveau\/portfolio-N3\/presence_N3\/PF3_vis_a_vis_1\/vis_a_vis_1_06.jpg\" width=\"569\" height=\"438\" \/><\/p>\n<h1><\/h1>\n<p>&nbsp;<\/p>\n<h1 style=\"text-align: center;\">&#8211;<\/h1>\n<h1><\/h1>\n<p>&nbsp;<\/p>\n<p style=\"text-align: center;\"><img loading=\"lazy\" decoding=\"async\" class=\"alignnone size-medium colorbox-534\" src=\"http:\/\/didierlemarchand.net\/4_site_nouveau\/portfolio-N3\/presence_N3\/PF3_vis_a_vis_1\/vis_a_vis_1_07.jpg\" width=\"569\" height=\"438\" \/><\/p>\n<h1><\/h1>\n<p>&nbsp;<\/p>\n<h1 style=\"text-align: center;\">&#8211;<\/h1>\n<h1><\/h1>\n<p>&nbsp;<\/p>\n<p style=\"text-align: center;\"><img loading=\"lazy\" decoding=\"async\" class=\"alignnone size-medium colorbox-534\" src=\"http:\/\/didierlemarchand.net\/4_site_nouveau\/portfolio-N3\/presence_N3\/PF3_vis_a_vis_1\/vis_a_vis_1_08.jpg\" width=\"569\" height=\"438\" \/><\/p>\n<h1><\/h1>\n<p>&nbsp;<\/p>\n<h1 style=\"text-align: center;\">&#8211;<\/h1>\n<h1><\/h1>\n<p>&nbsp;<\/p>\n<p style=\"text-align: center;\"><img loading=\"lazy\" decoding=\"async\" class=\"alignnone size-medium colorbox-534\" src=\"http:\/\/didierlemarchand.net\/4_site_nouveau\/portfolio-N3\/presence_N3\/PF3_vis_a_vis_1\/vis_a_vis_1_09.jpg\" width=\"569\" height=\"438\" \/><\/p>\n<h1><\/h1>\n<p>&nbsp;<\/p>\n<h1 style=\"text-align: center;\">&#8211;<\/h1>\n<h1 style=\"text-align: center;\"><\/h1>\n<p>Cette s\u00e9rie appartient \u00e0 un ensemble plus important sur le corps.<\/p>\n<p>Printemps 2000. Un mod\u00e8le vient de d\u00e9couvrir mon travail lors de l\u2019\u2019une de mes expositions. Elle me propose de poser en \u00e9change des images que je produirais.<\/p>\n<p>Je n\u2019avais pas encore abord\u00e9 la repr\u00e9sentation du corps par la photographie. Mon projet s\u2019est d\u00e9fini par d\u00e9faut :<\/p>\n<ul>\n<li>pas de corps pr\u00e9texte \u00e0 effet de mati\u00e8re ou de volume, ramen\u00e9 au statut de poivron, d\u2019ersatz de sculpture.<\/li>\n<li>pas de corps voyeuris\u00e9 pour choquer le bourgeois.<\/li>\n<\/ul>\n<p>Hiver 2000, je r\u00e9alise les premiers clich\u00e9s.<\/p>\n<p>4 s\u00e9ries vont se suivre : long travelling avant visuel et mental face \u00e0 un corps.<\/p>\n<ul>\n<li>d\u2019abord le corps vu de loin, \u00e0 distance, derri\u00e8re une vitre <a href=\"http:\/\/didierlemarchand.net\/site\/prises-de-vue\/vis-a-vis\/\">:<\/a> <a href=\"http:\/\/didierlemarchand.net\/site\/prises-de-vue\/vis-a-vis\/\">vi(e)s \u00e0 vi(e)s<\/a><\/li>\n<li>puis le corps vu de tr\u00e8s pr\u00e8s, caress\u00e9 du regard : fleur de peau<a href=\"http:\/\/didierlemarchand.net\/site\/prises-de-vue\/fleur-de-peau-1\/\">\u00a0<\/a>1 &amp;\u00a02<\/li>\n<li>enfin le corps fantasm\u00e9, fusionnel, comme ressenti de l\u2019int\u00e9rieur : <a href=\"http:\/\/didierlemarchand.net\/site\/portfolio-2\/presence\/effusion\/\">&amp;fusion<\/a><\/li>\n<\/ul>\n<p><strong>le photographe et son mod\u00e8le, deux vies, un espace interm\u00e9diaire<br \/>\n<\/strong><\/p>\n<p>Comment rendre compte de la posture du photographe vis \u00e0 vis du mod\u00e8le, du mod\u00e8le vis \u00e0 vis de l\u2019espace ? Comment sugg\u00e9rer les nombreux obstacles entre la surface capt\u00e9e et la surface captante?<\/p>\n<p><em>\u00ab\u00a0[\u2026] source de plaisir o\u00f9 je montais penser \u00e0 elle et me baigner dans l\u2019id\u00e9e qu&rsquo;elle \u00e9tait la vie de mon r\u00eave pour mirer dans sa chair pareillement d\u00e9voil\u00e9e la transparence de mon r\u00eave dans ce miroir de toute vie.\u00a0\u00bb<\/em><br \/>\nJo\u00eb Bousquet, Le cahier noir<\/p>\n","protected":false},"excerpt":{"rendered":"<p>2000 \u2013 s\u00e9rie de 9 travaux \u2013 22 x 28,5 cm \u2013 impression pigmentaire dossier de pr\u00e9sentation t\u00e9l\u00e9chargeable &#8211; &nbsp; <span class=\"ellipsis\">&hellip;<\/span> <span class=\"more-link-wrap\"><a href=\"https:\/\/didierlemarchand.net\/site\/portfolio-2\/presence\/vis-a-vis\/\" class=\"more-link\"><span>Continue Reading &rarr;<\/span><\/a><\/span><\/p>\n","protected":false},"author":2,"featured_media":0,"parent":1313,"menu_order":191,"comment_status":"closed","ping_status":"open","template":"","meta":{"_seopress_robots_primary_cat":"","_seopress_titles_title":"","_seopress_titles_desc":"","_seopress_robots_index":"","footnotes":""},"_links":{"self":[{"href":"https:\/\/didierlemarchand.net\/site\/wp-json\/wp\/v2\/pages\/534"}],"collection":[{"href":"https:\/\/didierlemarchand.net\/site\/wp-json\/wp\/v2\/pages"}],"about":[{"href":"https:\/\/didierlemarchand.net\/site\/wp-json\/wp\/v2\/types\/page"}],"author":[{"embeddable":true,"href":"https:\/\/didierlemarchand.net\/site\/wp-json\/wp\/v2\/users\/2"}],"replies":[{"embeddable":true,"href":"https:\/\/didierlemarchand.net\/site\/wp-json\/wp\/v2\/comments?post=534"}],"version-history":[{"count":11,"href":"https:\/\/didierlemarchand.net\/site\/wp-json\/wp\/v2\/pages\/534\/revisions"}],"predecessor-version":[{"id":2367,"href":"https:\/\/didierlemarchand.net\/site\/wp-json\/wp\/v2\/pages\/534\/revisions\/2367"}],"up":[{"embeddable":true,"href":"https:\/\/didierlemarchand.net\/site\/wp-json\/wp\/v2\/pages\/1313"}],"wp:attachment":[{"href":"https:\/\/didierlemarchand.net\/site\/wp-json\/wp\/v2\/media?parent=534"}],"curies":[{"name":"wp","href":"https:\/\/api.w.org\/{rel}","templated":true}]}}