{"id":529,"date":"2014-10-06T19:02:18","date_gmt":"2014-10-06T17:02:18","guid":{"rendered":"http:\/\/didierlemarchand.net\/site\/?page_id=529"},"modified":"2018-01-20T18:23:53","modified_gmt":"2018-01-20T17:23:53","slug":"fleur-de-peau-1","status":"publish","type":"page","link":"https:\/\/didierlemarchand.net\/site\/portfolio-2\/presence\/fleur-de-peau-1\/","title":{"rendered":"fleur de peau 1"},"content":{"rendered":"<div id=\"pratiques_texte\">\n<p>2001 \u2013 s\u00e9rie de 12 travaux \u2013 22 x 22 cm\u00a0&#8211;\u00a0impression pigmentaire<\/p>\n<p>&#8211;<\/p>\n<p>Cette s\u00e9rie appartient \u00e0 un ensemble plus important sur le corps.<br \/>\nJe n&rsquo;avais jamais abord\u00e9 ce th\u00e8me avant qu&rsquo;un mod\u00e8le ayant vu mon travail me le propose.<br \/>\nJ&rsquo;avais quelques id\u00e9es de d\u00e9part :<\/p>\n<ul>\n<li>pas de corps pr\u00e9texte \u00e0 effet de mati\u00e8re ou de volume, ramen\u00e9 au statut de poivron, d\u2019ersatz de sculpture.<\/li>\n<li>pas de corps voyeuris\u00e9 pour choquer le bourgeois.<\/li>\n<\/ul>\n<p>4 s\u00e9ries vont se suivre : long travelling avant visuel et mental face \u00e0 un corps.<\/p>\n<ul>\n<li>d&rsquo;abord le corps vu de loin, \u00e0 distance, derri\u00e8re une vitre de\u00a0<a href=\"http:\/\/didierlemarchand.net\/site\/prises-de-vue\/vis-a-vis\/\">vis \u00e0 vis<\/a><\/li>\n<li>puis le corps vu de tr\u00e8s pr\u00e8s, caress\u00e9 du regard de <a href=\"http:\/\/didierlemarchand.net\/site\/prises-de-vue\/fleur-de-peau-2\/\">fleur de peau <\/a>1\u00a0&amp; <a href=\"http:\/\/didierlemarchand.net\/site\/prises-de-vue\/fleur-de-peau-2\/\">2<\/a><\/li>\n<li>enfin le corps fantasm\u00e9, fusionnel, comme ressenti de l\u2019int\u00e9rieur :\u00a0<a href=\"http:\/\/didierlemarchand.net\/site\/prises-de-vue\/effusion\/ \">(ef)fusion<\/a><\/li>\n<\/ul>\n<p>fleur de peau 01 &amp; 02\u00a0ou comment faire de la photographie d\u2019un corps une affaire de surfaces sensibles : le mod\u00e8le est plac\u00e9 derri\u00e8re une plaque de verre enduite de talc pulv\u00e9ris\u00e9 que j&rsquo;essuie jusqu&rsquo;\u00e0 ce qu&rsquo;il se passe quelque chose entre les quatre surfaces : la peau, le verre, la r\u00e9tine, le film.<\/p>\n<p><a href=\"http:\/\/www.didierlemarchand.net\/1_ecrits\/fiches_travaux\/DL_corps_01.pdf\" target=\"_blank\" rel=\"noopener\">dossier t\u00e9l\u00e9chargeable en pdf<\/a><\/p>\n<p>&nbsp;<\/p>\n<h1 style=\"text-align: center;\">&#8211;<\/h1>\n<h1 style=\"text-align: center;\"><\/h1>\n<\/div>\n<h1 id=\"photo\" style=\"text-align: center;\"><img class=\"colorbox-529\"  loading=\"lazy\" decoding=\"async\" src=\"http:\/\/www.didierlemarchand.net\/fleur_peau_1\/fleur_peau_01_01.jpg\" alt=\"fleur de peau 1.01\" width=\"438\" height=\"438\" \/><\/h1>\n<h1 style=\"text-align: center;\"><\/h1>\n<h1 style=\"text-align: center;\">&#8211;<\/h1>\n<h1 style=\"text-align: center;\"><\/h1>\n<h1 id=\"photo\" style=\"text-align: center;\"><img class=\"colorbox-529\"  loading=\"lazy\" decoding=\"async\" src=\"http:\/\/www.didierlemarchand.net\/fleur_peau_1\/fleur_peau_01_02.jpg\" alt=\"fleur de peau 1.02\" width=\"438\" height=\"438\" \/><\/h1>\n<h1 style=\"text-align: center;\"><\/h1>\n<h1 style=\"text-align: center;\">&#8211;<\/h1>\n<h1 style=\"text-align: center;\"><\/h1>\n<h1 id=\"photo\" style=\"text-align: center;\"><img class=\"colorbox-529\"  loading=\"lazy\" decoding=\"async\" src=\"http:\/\/www.didierlemarchand.net\/fleur_peau_1\/fleur_peau_01_03.jpg\" alt=\"fleur de peau 1.03\" width=\"438\" height=\"438\" \/><\/h1>\n<h1 style=\"text-align: center;\"><\/h1>\n<h1 style=\"text-align: center;\">&#8211;<\/h1>\n<h1 style=\"text-align: center;\"><\/h1>\n<h1 id=\"photo\" style=\"text-align: center;\"><img class=\"colorbox-529\"  loading=\"lazy\" decoding=\"async\" src=\"http:\/\/www.didierlemarchand.net\/fleur_peau_1\/fleur_peau_01_04.jpg\" alt=\"fleur de peau 1.04\" width=\"438\" height=\"438\" \/><\/h1>\n<h1 style=\"text-align: center;\"><\/h1>\n<h1 style=\"text-align: center;\">&#8211;<\/h1>\n<h1 style=\"text-align: center;\"><\/h1>\n<h1 id=\"photo\" style=\"text-align: center;\"><img class=\"colorbox-529\"  loading=\"lazy\" decoding=\"async\" src=\"http:\/\/www.didierlemarchand.net\/fleur_peau_1\/fleur_peau_01_05.jpg\" alt=\"fleur de peau 1.05\" width=\"438\" height=\"438\" \/><\/h1>\n<h1 style=\"text-align: center;\"><\/h1>\n<h1 style=\"text-align: center;\">&#8211;<\/h1>\n<h1 style=\"text-align: center;\"><\/h1>\n<h1 id=\"photo\" style=\"text-align: center;\"><img class=\"colorbox-529\"  loading=\"lazy\" decoding=\"async\" src=\"http:\/\/www.didierlemarchand.net\/fleur_peau_1\/fleur_peau_01_06.jpg\" alt=\"fleur de peau 1.06\" width=\"438\" height=\"438\" \/><\/h1>\n<h1 style=\"text-align: center;\"><\/h1>\n<h1 style=\"text-align: center;\">&#8211;<\/h1>\n<h1 style=\"text-align: center;\"><\/h1>\n<h1 id=\"photo\" style=\"text-align: center;\"><img class=\"colorbox-529\"  loading=\"lazy\" decoding=\"async\" src=\"http:\/\/www.didierlemarchand.net\/fleur_peau_1\/fleur_peau_01_07.jpg\" alt=\"fleur de peau 1.07\" width=\"438\" height=\"438\" \/><\/h1>\n<h1 style=\"text-align: center;\"><\/h1>\n<h1 style=\"text-align: center;\">&#8211;<\/h1>\n<h1 style=\"text-align: center;\"><\/h1>\n<h1 id=\"photo\" style=\"text-align: center;\"><img class=\"colorbox-529\"  loading=\"lazy\" decoding=\"async\" src=\"http:\/\/www.didierlemarchand.net\/fleur_peau_1\/fleur_peau_01_08.jpg\" alt=\"fleur de peau 1.08\" width=\"438\" height=\"438\" \/><\/h1>\n<h1 style=\"text-align: center;\"><\/h1>\n<h1 style=\"text-align: center;\">&#8211;<\/h1>\n<h1 style=\"text-align: center;\"><\/h1>\n<h1 id=\"photo\" style=\"text-align: center;\"><img class=\"colorbox-529\"  loading=\"lazy\" decoding=\"async\" src=\"http:\/\/www.didierlemarchand.net\/fleur_peau_1\/fleur_peau_01_09.jpg\" alt=\"fleur de peau 1.09\" width=\"438\" height=\"438\" \/><\/h1>\n<h1 style=\"text-align: center;\"><\/h1>\n<h1 style=\"text-align: center;\">&#8211;<\/h1>\n<h1 style=\"text-align: center;\"><\/h1>\n<h1 id=\"photo\" style=\"text-align: center;\"><img class=\"colorbox-529\"  loading=\"lazy\" decoding=\"async\" src=\"http:\/\/www.didierlemarchand.net\/fleur_peau_1\/fleur_peau_01_10.jpg\" alt=\"fleur de peau 1.10\" width=\"438\" height=\"438\" \/><\/h1>\n<h1 style=\"text-align: center;\"><\/h1>\n<h1 style=\"text-align: center;\">&#8211;<\/h1>\n<h1 style=\"text-align: center;\"><\/h1>\n<h1 id=\"photo\" style=\"text-align: center;\"><img class=\"colorbox-529\"  loading=\"lazy\" decoding=\"async\" src=\"http:\/\/www.didierlemarchand.net\/fleur_peau_1\/fleur_peau_01_11.jpg\" alt=\"fleur de peau 1.11\" width=\"438\" height=\"438\" \/><\/h1>\n<h1 style=\"text-align: center;\"><\/h1>\n<h1 style=\"text-align: center;\">&#8211;<\/h1>\n<h1 style=\"text-align: center;\"><\/h1>\n<h1 id=\"photo_fin\" style=\"text-align: center;\"><img class=\"colorbox-529\"  loading=\"lazy\" decoding=\"async\" src=\"http:\/\/www.didierlemarchand.net\/fleur_peau_1\/fleur_peau_01_12.jpg\" alt=\"fleur de peau 1.12\" width=\"438\" height=\"438\" \/><\/h1>\n<h1 style=\"text-align: center;\"><\/h1>\n<h1 style=\"text-align: center;\">&#8211;<\/h1>\n<h1 style=\"text-align: center;\"><\/h1>\n","protected":false},"excerpt":{"rendered":"<p>2001 \u2013 s\u00e9rie de 12 travaux \u2013 22 x 22 cm\u00a0&#8211;\u00a0impression pigmentaire &#8211; Cette s\u00e9rie appartient \u00e0 un ensemble plus <span class=\"ellipsis\">&hellip;<\/span> <span class=\"more-link-wrap\"><a href=\"https:\/\/didierlemarchand.net\/site\/portfolio-2\/presence\/fleur-de-peau-1\/\" class=\"more-link\"><span>Continue Reading &rarr;<\/span><\/a><\/span><\/p>\n","protected":false},"author":2,"featured_media":0,"parent":1313,"menu_order":82,"comment_status":"closed","ping_status":"closed","template":"","meta":{"_seopress_robots_primary_cat":"","_seopress_titles_title":"","_seopress_titles_desc":"","_seopress_robots_index":"","footnotes":""},"_links":{"self":[{"href":"https:\/\/didierlemarchand.net\/site\/wp-json\/wp\/v2\/pages\/529"}],"collection":[{"href":"https:\/\/didierlemarchand.net\/site\/wp-json\/wp\/v2\/pages"}],"about":[{"href":"https:\/\/didierlemarchand.net\/site\/wp-json\/wp\/v2\/types\/page"}],"author":[{"embeddable":true,"href":"https:\/\/didierlemarchand.net\/site\/wp-json\/wp\/v2\/users\/2"}],"replies":[{"embeddable":true,"href":"https:\/\/didierlemarchand.net\/site\/wp-json\/wp\/v2\/comments?post=529"}],"version-history":[{"count":9,"href":"https:\/\/didierlemarchand.net\/site\/wp-json\/wp\/v2\/pages\/529\/revisions"}],"predecessor-version":[{"id":1384,"href":"https:\/\/didierlemarchand.net\/site\/wp-json\/wp\/v2\/pages\/529\/revisions\/1384"}],"up":[{"embeddable":true,"href":"https:\/\/didierlemarchand.net\/site\/wp-json\/wp\/v2\/pages\/1313"}],"wp:attachment":[{"href":"https:\/\/didierlemarchand.net\/site\/wp-json\/wp\/v2\/media?parent=529"}],"curies":[{"name":"wp","href":"https:\/\/api.w.org\/{rel}","templated":true}]}}