{"id":20160,"date":"2023-02-07T11:22:39","date_gmt":"2023-02-07T10:22:39","guid":{"rendered":"http:\/\/didierlemarchand.net\/site\/?page_id=20160"},"modified":"2023-02-07T13:50:54","modified_gmt":"2023-02-07T12:50:54","slug":"lieu_112","status":"publish","type":"page","link":"https:\/\/didierlemarchand.net\/site\/portfolio-2\/espace\/lieu_112\/","title":{"rendered":"lieu 1.12"},"content":{"rendered":"<p style=\"text-align: center;\">12 photographies &#8211; 2022 &#8211; s\u00e9rie commenc\u00e9e en 2001<br \/>\nimpressions jet d&rsquo;encre pigmentaire &#8211; format : 30 x 30 cm<\/p>\n<p style=\"text-align: center;\"><a href=\"http:\/\/didierlemarchand.net\/4_site_nouveau\/dossiers_telechargeables\/D_Lemarchand_lieu_112.pdf\" target=\"_blank\" rel=\"noopener\">dossier de pr\u00e9sentation t\u00e9l\u00e9chargeable<\/a><\/p>\n<h1 style=\"text-align: center;\">&#8211;<\/h1>\n<h1 id=\"photo\" style=\"text-align: center;\"><img class=\"colorbox-20160\"  loading=\"lazy\" decoding=\"async\" src=\"http:\/\/didierlemarchand.net\/4_site_nouveau\/portfolio-N3\/espace_N3\/lieu_112\/lieu_112_01.jpeg\" alt=\"lieu-1-12-1\" width=\"438\" height=\"438\" \/><\/h1>\n<h1 style=\"text-align: center;\">&#8211;<\/h1>\n<h1 id=\"photo\" style=\"text-align: center;\"><img class=\"colorbox-20160\"  loading=\"lazy\" decoding=\"async\" src=\"http:\/\/didierlemarchand.net\/4_site_nouveau\/portfolio-N3\/espace_N3\/lieu_112\/lieu_112_02.jpeg\" alt=\"lieu-1-12-2\" width=\"438\" height=\"438\" \/><\/h1>\n<h1 style=\"text-align: center;\">&#8211;<\/h1>\n<h1 id=\"photo\" style=\"text-align: center;\"><img class=\"colorbox-20160\"  loading=\"lazy\" decoding=\"async\" src=\"http:\/\/didierlemarchand.net\/4_site_nouveau\/portfolio-N3\/espace_N3\/lieu_112\/lieu_112_03.jpeg\" alt=\"lieu-1-12-3\" width=\"438\" height=\"438\" \/><\/h1>\n<h1 style=\"text-align: center;\">&#8211;<\/h1>\n<h1 id=\"photo\" style=\"text-align: center;\"><img class=\"colorbox-20160\"  loading=\"lazy\" decoding=\"async\" src=\"http:\/\/didierlemarchand.net\/4_site_nouveau\/portfolio-N3\/espace_N3\/lieu_112\/lieu_112_04.jpeg\" alt=\"lieu-1-12-4\" width=\"438\" height=\"438\" \/><\/h1>\n<h1 style=\"text-align: center;\">&#8211;<\/h1>\n<h1 id=\"photo\" style=\"text-align: center;\"><img class=\"colorbox-20160\"  loading=\"lazy\" decoding=\"async\" src=\"http:\/\/didierlemarchand.net\/4_site_nouveau\/portfolio-N3\/espace_N3\/lieu_112\/lieu_112_05.jpeg\" alt=\"lieu-1-12-5\" width=\"438\" height=\"438\" \/><\/h1>\n<h1 style=\"text-align: center;\">&#8211;<\/h1>\n<h1 id=\"photo\" style=\"text-align: center;\"><img class=\"colorbox-20160\"  loading=\"lazy\" decoding=\"async\" src=\"http:\/\/didierlemarchand.net\/4_site_nouveau\/portfolio-N3\/espace_N3\/lieu_112\/lieu_112_06.jpeg\" alt=\"lieu-1-12-6\" width=\"438\" height=\"438\" \/><\/h1>\n<h1 style=\"text-align: center;\">&#8211;<\/h1>\n<h1 id=\"photo\" style=\"text-align: center;\"><img class=\"colorbox-20160\"  loading=\"lazy\" decoding=\"async\" src=\"http:\/\/didierlemarchand.net\/4_site_nouveau\/portfolio-N3\/espace_N3\/lieu_112\/lieu_112_07.jpeg\" alt=\"lieu-1-12-7\" width=\"438\" height=\"438\" \/><\/h1>\n<h1 style=\"text-align: center;\">&#8211;<\/h1>\n<h1 id=\"photo\" style=\"text-align: center;\"><img class=\"colorbox-20160\"  loading=\"lazy\" decoding=\"async\" src=\"http:\/\/didierlemarchand.net\/4_site_nouveau\/portfolio-N3\/espace_N3\/lieu_112\/lieu_112_08.jpeg\" alt=\"lieu-1-12-8\" width=\"438\" height=\"438\" \/><\/h1>\n<h1 style=\"text-align: center;\">&#8211;<\/h1>\n<h1 id=\"photo\" style=\"text-align: center;\"><img class=\"colorbox-20160\"  loading=\"lazy\" decoding=\"async\" src=\"http:\/\/didierlemarchand.net\/4_site_nouveau\/portfolio-N3\/espace_N3\/lieu_112\/lieu_112_09.jpeg\" alt=\"lieu-1-12-9\" width=\"438\" height=\"438\" \/><\/h1>\n<h1 style=\"text-align: center;\">&#8211;<\/h1>\n<h1 id=\"photo\" style=\"text-align: center;\"><img class=\"colorbox-20160\"  loading=\"lazy\" decoding=\"async\" src=\"http:\/\/didierlemarchand.net\/4_site_nouveau\/portfolio-N3\/espace_N3\/lieu_112\/lieu_112_10.jpeg\" alt=\"lieu-1-12-10\" width=\"438\" height=\"438\" \/><\/h1>\n<h1 style=\"text-align: center;\">&#8211;<\/h1>\n<h1 id=\"photo\" style=\"text-align: center;\"><img class=\"colorbox-20160\"  loading=\"lazy\" decoding=\"async\" src=\"http:\/\/didierlemarchand.net\/4_site_nouveau\/portfolio-N3\/espace_N3\/lieu_112\/lieu_112_11.jpeg\" alt=\"lieu-1-12-11\" width=\"438\" height=\"438\" \/><\/h1>\n<h1 style=\"text-align: center;\">&#8211;<\/h1>\n<h1 id=\"photo\" style=\"text-align: center;\"><img class=\"colorbox-20160\"  loading=\"lazy\" decoding=\"async\" src=\"http:\/\/didierlemarchand.net\/4_site_nouveau\/portfolio-N3\/espace_N3\/lieu_112\/lieu_112_12.jpeg\" alt=\"lieu-1-12-121\" width=\"438\" height=\"438\" \/><\/h1>\n<h1 style=\"text-align: center;\">&#8211;<\/h1>\n<p><strong>Lieu<\/strong><\/p>\n<p>Un lieu selon le dictionnaire est une portion d\u2019espace d\u00e9termin\u00e9. Il rel\u00e8ve d\u2019une situation (\u00a0un emplacement\u00a0: position g\u00e9ographique, le cadre d\u2019une action\u00a0: l\u00e0 o\u00f9 se r\u00e9alise quelque chose) et aussi d\u2019un d\u00e9cor constitu\u00e9 de choses qui s\u2019y trouvent. Evidemment cela suppose un sujet qui per\u00e7oit tout cela depuis un point de vue. En un mot un lieu est, dans tous les sens du terme, un espace cadr\u00e9.<br \/>\nCet espace peut \u00eatre per\u00e7u de fa\u00e7on positive (espace poss\u00e9d\u00e9\u00a0: domicile, ou de protection\u00a0: lieu de repli ) ou n\u00e9gative (lieu de d\u00e9bauche, lieu d\u2019aisance). Dans tous les cas il est cat\u00e9gorisable.<\/p>\n<p>Parfois, la perception\u00a0met \u00e0 mal les lieux communs que v\u00e9hiculent les mots.<br \/>\n\u2022 un lieu peut \u00eatre vide et par ailleurs contenir une pr\u00e9sence, un \u00e9v\u00e9nement de mani\u00e8re implicite\u00a0: suggestion, anticipation<br \/>\n\u2022 un lieu peut ne plus \u00eatre d\u00e9fini g\u00e9om\u00e9triquement (devant\/derri\u00e8re, loin\/proche, etc), l\u2019observateur peut ne plus s\u2019y situer\u00a0: il perd ses appuis, ses rep\u00e8res<br \/>\n\u2022 un lieu peut s\u2019av\u00e9rer \u00eatre insituable, ind\u00e9fini (dehors\/dedans, intime\/public)\u00a0: o\u00f9 somme-nous\u00a0?<\/p>\n<p>Tout ceci bouscule toutes nos certitudes langagi\u00e8res, spatio-temporelles et d\u00e8s lors existentielles.<br \/>\nL\u2019ensemble Lieux 1 rend compte de ces instants v\u00e9cus et qui ont \u00e9t\u00e9 presque concomitamment captur\u00e9s. Il n\u2019est pas l\u2019illustration de ces ph\u00e9nom\u00e8nes : la prise de vue doit les porter en elle, faute de quoi elle sera \u00e9limin\u00e9e. La photographie finale doit \u00eatre travers\u00e9e par ces infimes mouvements qui la d\u00e9stabilise et nous d\u00e9stabilise.<\/p>\n<h1 style=\"text-align: center;\">&#8211;<\/h1>\n<p>Il y a des espaces faits de rien,<br \/>\nD&rsquo;indispensables lieux pour se reposer un moment<\/p>\n<p>Roberto Juarroz \u2013 Douzi\u00e8me Po\u00e9sie Verticale<\/p>\n<p>&nbsp;<\/p>\n<p>&nbsp;<\/p>\n","protected":false},"excerpt":{"rendered":"<p>12 photographies &#8211; 2022 &#8211; s\u00e9rie commenc\u00e9e en 2001 impressions jet d&rsquo;encre pigmentaire &#8211; format : 30 x 30 cm <span class=\"ellipsis\">&hellip;<\/span> <span class=\"more-link-wrap\"><a href=\"https:\/\/didierlemarchand.net\/site\/portfolio-2\/espace\/lieu_112\/\" class=\"more-link\"><span>Continue Reading &rarr;<\/span><\/a><\/span><\/p>\n","protected":false},"author":2,"featured_media":0,"parent":1298,"menu_order":0,"comment_status":"closed","ping_status":"closed","template":"","meta":{"_seopress_robots_primary_cat":"","_seopress_titles_title":"","_seopress_titles_desc":"","_seopress_robots_index":"","footnotes":""},"_links":{"self":[{"href":"https:\/\/didierlemarchand.net\/site\/wp-json\/wp\/v2\/pages\/20160"}],"collection":[{"href":"https:\/\/didierlemarchand.net\/site\/wp-json\/wp\/v2\/pages"}],"about":[{"href":"https:\/\/didierlemarchand.net\/site\/wp-json\/wp\/v2\/types\/page"}],"author":[{"embeddable":true,"href":"https:\/\/didierlemarchand.net\/site\/wp-json\/wp\/v2\/users\/2"}],"replies":[{"embeddable":true,"href":"https:\/\/didierlemarchand.net\/site\/wp-json\/wp\/v2\/comments?post=20160"}],"version-history":[{"count":3,"href":"https:\/\/didierlemarchand.net\/site\/wp-json\/wp\/v2\/pages\/20160\/revisions"}],"predecessor-version":[{"id":20163,"href":"https:\/\/didierlemarchand.net\/site\/wp-json\/wp\/v2\/pages\/20160\/revisions\/20163"}],"up":[{"embeddable":true,"href":"https:\/\/didierlemarchand.net\/site\/wp-json\/wp\/v2\/pages\/1298"}],"wp:attachment":[{"href":"https:\/\/didierlemarchand.net\/site\/wp-json\/wp\/v2\/media?parent=20160"}],"curies":[{"name":"wp","href":"https:\/\/api.w.org\/{rel}","templated":true}]}}