{"id":1673,"date":"2018-01-20T19:11:45","date_gmt":"2018-01-20T18:11:45","guid":{"rendered":"http:\/\/didierlemarchand.net\/site\/portfolio-2\/vanite\/mur\/"},"modified":"2025-10-13T08:24:10","modified_gmt":"2025-10-13T06:24:10","slug":"vanite-2-4","status":"publish","type":"page","link":"https:\/\/didierlemarchand.net\/site\/portfolio-2\/vanite\/vanite-2-4\/","title":{"rendered":"vanit\u00e9 2.4.1"},"content":{"rendered":"<p style=\"text-align: center;\">s\u00e9rie commenc\u00e9e en 2006 \u2013 24 x 24 cm \u2013 impression pigmentaire<\/p>\n<p style=\"text-align: center;\"><a href=\"http:\/\/didierlemarchand.net\/4_site_nouveau\/dossiers_telechargeables\/D-Lemarchand-vanite-2-4-1.pdf\" target=\"_blank\" rel=\"noopener\">dossier de pr\u00e9sentation t\u00e9l\u00e9chargeable<\/a><\/p>\n<h1 style=\"text-align: center;\">&#8211;<\/h1>\n<h1 id=\"photo\" style=\"text-align: center;\"><img class=\"colorbox-1673\"  loading=\"lazy\" decoding=\"async\" src=\"http:\/\/www.didierlemarchand.net\/4_site_nouveau\/portfolio-N3\/vanite_N3\/PF3_vanite_16_1\/menu_25.JPG\" width=\"438\" height=\"438\" \/><\/h1>\n<h1><\/h1>\n<p>&nbsp;<\/p>\n<h1 style=\"text-align: center;\">&#8211;<\/h1>\n<h1><\/h1>\n<p>&nbsp;<\/p>\n<h1 id=\"photo\" style=\"text-align: center;\"><img class=\"colorbox-1673\"  loading=\"lazy\" decoding=\"async\" src=\"http:\/\/www.didierlemarchand.net\/4_site_nouveau\/portfolio-N3\/vanite_N3\/PF3_vanite_16_1\/menu_26.JPG\" width=\"438\" height=\"438\" \/><\/h1>\n<h1><\/h1>\n<p>&nbsp;<\/p>\n<h1 style=\"text-align: center;\">&#8211;<\/h1>\n<h1><\/h1>\n<p>&nbsp;<\/p>\n<h1 id=\"photo\" style=\"text-align: center;\"><img class=\"colorbox-1673\"  loading=\"lazy\" decoding=\"async\" src=\"http:\/\/www.didierlemarchand.net\/4_site_nouveau\/portfolio-N3\/vanite_N3\/PF3_vanite_16_1\/menu_28.JPG\" width=\"438\" height=\"438\" \/><\/h1>\n<h1><\/h1>\n<p>&nbsp;<\/p>\n<h1 style=\"text-align: center;\">&#8211;<\/h1>\n<h1><\/h1>\n<p>&nbsp;<\/p>\n<h1 id=\"photo\" style=\"text-align: center;\"><img class=\"colorbox-1673\"  loading=\"lazy\" decoding=\"async\" src=\"http:\/\/www.didierlemarchand.net\/4_site_nouveau\/portfolio-N3\/vanite_N3\/PF3_vanite_16_1\/menu_30.JPG\" width=\"438\" height=\"438\" \/><\/h1>\n<h1><\/h1>\n<p>&nbsp;<\/p>\n<h1 style=\"text-align: center;\">&#8211;<\/h1>\n<h1><\/h1>\n<p>&nbsp;<\/p>\n<h1 id=\"photo\" style=\"text-align: center;\"><img class=\"colorbox-1673\"  loading=\"lazy\" decoding=\"async\" src=\"http:\/\/www.didierlemarchand.net\/4_site_nouveau\/portfolio-N3\/vanite_N3\/PF3_vanite_16_1\/menu_31.JPG\" width=\"438\" height=\"438\" \/><\/h1>\n<h1><\/h1>\n<p>&nbsp;<\/p>\n<h1 style=\"text-align: center;\">&#8211;<\/h1>\n<h1><\/h1>\n<p>&nbsp;<\/p>\n<h1 id=\"photo\" style=\"text-align: center;\"><img class=\"colorbox-1673\"  loading=\"lazy\" decoding=\"async\" src=\"http:\/\/www.didierlemarchand.net\/4_site_nouveau\/portfolio-N3\/vanite_N3\/PF3_vanite_16_1\/menu_33.JPG\" width=\"438\" height=\"438\" \/><\/h1>\n<h1><\/h1>\n<p>&nbsp;<\/p>\n<h1 style=\"text-align: center;\">&#8211;<\/h1>\n<h1><\/h1>\n<h1><\/h1>\n<h1 id=\"photo\" style=\"text-align: center;\"><img class=\"colorbox-1673\"  loading=\"lazy\" decoding=\"async\" src=\"http:\/\/www.didierlemarchand.net\/4_site_nouveau\/portfolio-N3\/vanite_N3\/PF3_vanite_16_1\/menu_34.JPG\" width=\"438\" height=\"438\" \/><\/h1>\n<h1><\/h1>\n<p>&nbsp;<\/p>\n<h1 style=\"text-align: center;\">&#8211;<\/h1>\n<h1><\/h1>\n<h1><\/h1>\n<h1 id=\"photo\" style=\"text-align: center;\"><img class=\"colorbox-1673\"  loading=\"lazy\" decoding=\"async\" src=\"http:\/\/www.didierlemarchand.net\/4_site_nouveau\/portfolio-N3\/vanite_N3\/PF3_vanite_16_1\/menu_38.JPG\" width=\"438\" height=\"438\" \/><\/h1>\n<h1><\/h1>\n<p>&nbsp;<\/p>\n<h1 style=\"text-align: center;\">&#8211;<\/h1>\n<h1><\/h1>\n<p>&nbsp;<\/p>\n<h1 id=\"photo\" style=\"text-align: center;\"><img class=\"colorbox-1673\"  loading=\"lazy\" decoding=\"async\" src=\"http:\/\/www.didierlemarchand.net\/4_site_nouveau\/portfolio-N3\/vanite_N3\/PF3_vanite_16_1\/menu_40.JPG\" width=\"438\" height=\"438\" \/><\/h1>\n<h1><\/h1>\n<p>&nbsp;<\/p>\n<h1 style=\"text-align: center;\">&#8211;<\/h1>\n<h1><\/h1>\n<p>&nbsp;<\/p>\n<h1 id=\"photo\" style=\"text-align: center;\"><img class=\"colorbox-1673\"  loading=\"lazy\" decoding=\"async\" src=\"http:\/\/www.didierlemarchand.net\/4_site_nouveau\/portfolio-N3\/vanite_N3\/PF3_vanite_16_1\/menu_41.JPG\" width=\"438\" height=\"438\" \/><\/h1>\n<h1><\/h1>\n<p>&nbsp;<\/p>\n<h1 style=\"text-align: center;\">&#8211;<\/h1>\n<h1><\/h1>\n<h1><\/h1>\n<h1 id=\"photo\" style=\"text-align: center;\"><img class=\"colorbox-1673\"  loading=\"lazy\" decoding=\"async\" src=\"http:\/\/www.didierlemarchand.net\/4_site_nouveau\/portfolio-N3\/vanite_N3\/PF3_vanite_16_1\/menu_43.JPG\" width=\"438\" height=\"438\" \/><\/h1>\n<h1><\/h1>\n<p>&nbsp;<\/p>\n<h1 style=\"text-align: center;\">&#8211;<\/h1>\n<h1><\/h1>\n<p>&nbsp;<\/p>\n<h1 id=\"photo\" style=\"text-align: center;\"><img class=\"colorbox-1673\"  loading=\"lazy\" decoding=\"async\" src=\"http:\/\/www.didierlemarchand.net\/4_site_nouveau\/portfolio-N3\/vanite_N3\/PF3_vanite_16_1\/menu_44.JPG\" width=\"438\" height=\"438\" \/><\/h1>\n<h1><\/h1>\n<p>&nbsp;<\/p>\n<h1 style=\"text-align: center;\">&#8211;<\/h1>\n<h1><\/h1>\n<h1><\/h1>\n<h1 id=\"photo\" style=\"text-align: center;\"><img class=\"colorbox-1673\"  loading=\"lazy\" decoding=\"async\" src=\"http:\/\/www.didierlemarchand.net\/4_site_nouveau\/portfolio-N3\/vanite_N3\/PF3_vanite_16_1\/menu_45.JPG\" width=\"438\" height=\"438\" \/><\/h1>\n<h1><\/h1>\n<p>&nbsp;<\/p>\n<h1 style=\"text-align: center;\">&#8211;<\/h1>\n<p><strong>Menu processus<\/strong><\/p>\n<p>Traditionnellement le menu ou la carte d&rsquo;un restaurant s&rsquo;affichait, en fonction de la classe dans laquelle il estimait se situer, en ob\u00e9issant \u00e0 certains codes\u00a0: \u00e9criture manuscrite blanche sur fond noir cens\u00e9 imiter l&rsquo;ardoise ou lettres chics et dor\u00e9es, incises ou cursives avec plein et d\u00e9li\u00e9 sur papier parchemin\u00e9. Pour des raisons d&rsquo;efficacit\u00e9, l&rsquo;\u00e9criture m\u00e9canographique ou num\u00e9rique a supplant\u00e9, dans certains restaurants, ces codes.<br \/>\nCette \u00e9volution n&rsquo;en est pas rest\u00e9e l\u00e0. \u2028Dans nos cit\u00e9s modernes, la restauration rapide a envahi les quartiers les plus fr\u00e9quent\u00e9s. A la vitesse s&rsquo;est associ\u00e9 l&rsquo;exotisme\u00a0mondialis\u00e9 : restaurants japonais, chinois, turcs, mexicains, etc. Pour s&rsquo;adresser au plus grand nombre et \u00e9viter de longues explications sur la composition de chaque plat, l&rsquo;image s&rsquo;est substitu\u00e9e au texte\u00a0: de succulents plats sont figur\u00e9s en vitrine.<br \/>\nC&rsquo;\u00e9tait seulement oublier que la lumi\u00e8re, la chaleur, la pluie se livreraient \u00e0 leur travail de sape. A d\u00e9faut d&rsquo;attirer le potentiel client que j&rsquo;aurais pu devenir, le photographe que je suis s&rsquo;est r\u00e9joui de ces m\u00e9tamorphoses. Tous les go\u00fbts sont dans la culture.<\/p>\n<p style=\"text-align: left;\">\n","protected":false},"excerpt":{"rendered":"<p>s\u00e9rie commenc\u00e9e en 2006 \u2013 24 x 24 cm \u2013 impression pigmentaire dossier de pr\u00e9sentation t\u00e9l\u00e9chargeable &#8211; &nbsp; &#8211; &nbsp; <span class=\"ellipsis\">&hellip;<\/span> <span class=\"more-link-wrap\"><a href=\"https:\/\/didierlemarchand.net\/site\/portfolio-2\/vanite\/vanite-2-4\/\" class=\"more-link\"><span>Continue Reading &rarr;<\/span><\/a><\/span><\/p>\n","protected":false},"author":2,"featured_media":0,"parent":1342,"menu_order":3,"comment_status":"closed","ping_status":"closed","template":"","meta":{"_seopress_robots_primary_cat":"","_seopress_titles_title":"","_seopress_titles_desc":"","_seopress_robots_index":"","footnotes":""},"_links":{"self":[{"href":"https:\/\/didierlemarchand.net\/site\/wp-json\/wp\/v2\/pages\/1673"}],"collection":[{"href":"https:\/\/didierlemarchand.net\/site\/wp-json\/wp\/v2\/pages"}],"about":[{"href":"https:\/\/didierlemarchand.net\/site\/wp-json\/wp\/v2\/types\/page"}],"author":[{"embeddable":true,"href":"https:\/\/didierlemarchand.net\/site\/wp-json\/wp\/v2\/users\/2"}],"replies":[{"embeddable":true,"href":"https:\/\/didierlemarchand.net\/site\/wp-json\/wp\/v2\/comments?post=1673"}],"version-history":[{"count":20,"href":"https:\/\/didierlemarchand.net\/site\/wp-json\/wp\/v2\/pages\/1673\/revisions"}],"predecessor-version":[{"id":20582,"href":"https:\/\/didierlemarchand.net\/site\/wp-json\/wp\/v2\/pages\/1673\/revisions\/20582"}],"up":[{"embeddable":true,"href":"https:\/\/didierlemarchand.net\/site\/wp-json\/wp\/v2\/pages\/1342"}],"wp:attachment":[{"href":"https:\/\/didierlemarchand.net\/site\/wp-json\/wp\/v2\/media?parent=1673"}],"curies":[{"name":"wp","href":"https:\/\/api.w.org\/{rel}","templated":true}]}}