{"id":1547,"date":"2018-01-20T14:46:56","date_gmt":"2018-01-20T13:46:56","guid":{"rendered":"http:\/\/didierlemarchand.net\/site\/?page_id=1547"},"modified":"2018-02-21T14:55:32","modified_gmt":"2018-02-21T13:55:32","slug":"apparence-5","status":"publish","type":"page","link":"https:\/\/didierlemarchand.net\/site\/portfolio-2\/espace\/apparence-5\/","title":{"rendered":"apparence 5"},"content":{"rendered":"<p style=\"text-align: center;\">2000 \u2013 impression pigmentaire \u2013 23 x 31 cm<\/p>\n<p style=\"text-align: center;\"><a href=\"http:\/\/didierlemarchand.net\/4_site_nouveau\/dossiers_telechargeables\/D_Lemarchand_apparence_5.pdf\" target=\"_blank\" rel=\"noopener\">dossier de pr\u00e9sentation t\u00e9l\u00e9chargeable<\/a><\/p>\n<h1 style=\"text-align: center;\">&#8211;<\/h1>\n<h1 id=\"photo\" style=\"text-align: center;\"><img loading=\"lazy\" decoding=\"async\" class=\"alignnone size-medium colorbox-1547\" src=\"http:\/\/www.didierlemarchand.net\/4_site_nouveau\/portfolio-N3\/espace_N3\/apparence_5\/apparence_5_1.jpg\" width=\"590\" height=\"438\" \/><\/h1>\n<h1><\/h1>\n<p>&nbsp;<\/p>\n<h1 style=\"text-align: center;\">&#8211;<\/h1>\n<h1><\/h1>\n<p>&nbsp;<\/p>\n<h1 style=\"text-align: center;\">\u00a0<img loading=\"lazy\" decoding=\"async\" class=\"alignnone size-medium colorbox-1547\" src=\"http:\/\/www.didierlemarchand.net\/4_site_nouveau\/portfolio-N3\/espace_N3\/apparence_5\/apparence_5_2.jpg\" width=\"590\" height=\"438\" \/><\/h1>\n<h1><\/h1>\n<p>&nbsp;<\/p>\n<h1 style=\"text-align: center;\">&#8211;<\/h1>\n<h1><\/h1>\n<p>&nbsp;<\/p>\n<h1 id=\"photo\" style=\"text-align: center;\"><img loading=\"lazy\" decoding=\"async\" class=\"alignnone size-medium colorbox-1547\" src=\"http:\/\/www.didierlemarchand.net\/4_site_nouveau\/portfolio-N3\/espace_N3\/apparence_5\/apparence_5_3.jpg\" width=\"590\" height=\"438\" \/><\/h1>\n<h1><\/h1>\n<p>&nbsp;<\/p>\n<h1 style=\"text-align: center;\">&#8211;<\/h1>\n<h1><\/h1>\n<p>&nbsp;<\/p>\n<h1 style=\"text-align: center;\">\u00a0<img loading=\"lazy\" decoding=\"async\" class=\"alignnone size-medium colorbox-1547\" src=\"http:\/\/www.didierlemarchand.net\/4_site_nouveau\/portfolio-N3\/espace_N3\/apparence_5\/apparence_5_4.jpg\" width=\"590\" height=\"438\" \/><\/h1>\n<h1><\/h1>\n<p>&nbsp;<\/p>\n<h1 style=\"text-align: center;\">&#8211;<\/h1>\n<h1><\/h1>\n<p>&nbsp;<\/p>\n<h1 style=\"text-align: center;\">\u00a0<img loading=\"lazy\" decoding=\"async\" class=\"alignnone size-medium colorbox-1547\" src=\"http:\/\/www.didierlemarchand.net\/4_site_nouveau\/portfolio-N3\/espace_N3\/apparence_5\/apparence_5_5.jpg\" width=\"590\" height=\"438\" \/><\/h1>\n<h1><\/h1>\n<p>&nbsp;<\/p>\n<h1 style=\"text-align: center;\">&#8211;<\/h1>\n<h1><\/h1>\n<p>&nbsp;<\/p>\n<h1 style=\"text-align: center;\">\u00a0<img loading=\"lazy\" decoding=\"async\" class=\"alignnone size-medium colorbox-1547\" src=\"http:\/\/www.didierlemarchand.net\/4_site_nouveau\/portfolio-N3\/espace_N3\/apparence_5\/apparence_5_6.jpg\" width=\"590\" height=\"438\" \/><\/h1>\n<h1><\/h1>\n<p>&nbsp;<\/p>\n<h1 style=\"text-align: center;\">&#8211;<\/h1>\n<h1><\/h1>\n<p>&nbsp;<\/p>\n<h1 style=\"text-align: center;\">\u00a0<img loading=\"lazy\" decoding=\"async\" class=\"alignnone size-medium colorbox-1547\" src=\"http:\/\/www.didierlemarchand.net\/4_site_nouveau\/portfolio-N3\/espace_N3\/apparence_5\/apparence_5_7.jpg\" width=\"590\" height=\"438\" \/><\/h1>\n<h1><\/h1>\n<h1 style=\"text-align: center;\">&#8211;<\/h1>\n<p class=\"texte\">Jungles urbaines ou comment ne pas se rattraper aux branches mais \u00e0 la g\u00e9om\u00e9trie.<\/p>\n<p class=\"intro\">Espace fuyant, entre l&rsquo;organique souple du v\u00e9g\u00e9tal et la structure rigide de la vitrine.<\/p>\n<p class=\"intro\"><em>L\u2019espace \u00e9tait mesurable et crissant, mais sans forme p\u00e9n\u00e9trable. Et le centre \u00e9tait une mosa\u00efque d&rsquo;\u00e9clats,&#8230;<br \/>\n&#8230; Et deux ou trois fois encore la masse enti\u00e8re et v\u00e9g\u00e9tale tourna, et chaque fois, mon oeil se repla\u00e7ait sur une position plus pr\u00e9cise. L\u2019obscurit\u00e9 elle-m\u00eame devenait profuse et sans objet. Le gel entier gagnait la clart\u00e9. <\/em><\/p>\n<p>Antonin Artaud, L\u2019Ombilic des Limbes.<\/p>\n","protected":false},"excerpt":{"rendered":"<p>2000 \u2013 impression pigmentaire \u2013 23 x 31 cm dossier de pr\u00e9sentation t\u00e9l\u00e9chargeable &#8211; &nbsp; &#8211; &nbsp; \u00a0 &nbsp; &#8211; <span class=\"ellipsis\">&hellip;<\/span> <span class=\"more-link-wrap\"><a href=\"https:\/\/didierlemarchand.net\/site\/portfolio-2\/espace\/apparence-5\/\" class=\"more-link\"><span>Continue Reading &rarr;<\/span><\/a><\/span><\/p>\n","protected":false},"author":2,"featured_media":0,"parent":1298,"menu_order":132,"comment_status":"closed","ping_status":"closed","template":"","meta":{"_seopress_robots_primary_cat":"","_seopress_titles_title":"","_seopress_titles_desc":"","_seopress_robots_index":"","footnotes":""},"_links":{"self":[{"href":"https:\/\/didierlemarchand.net\/site\/wp-json\/wp\/v2\/pages\/1547"}],"collection":[{"href":"https:\/\/didierlemarchand.net\/site\/wp-json\/wp\/v2\/pages"}],"about":[{"href":"https:\/\/didierlemarchand.net\/site\/wp-json\/wp\/v2\/types\/page"}],"author":[{"embeddable":true,"href":"https:\/\/didierlemarchand.net\/site\/wp-json\/wp\/v2\/users\/2"}],"replies":[{"embeddable":true,"href":"https:\/\/didierlemarchand.net\/site\/wp-json\/wp\/v2\/comments?post=1547"}],"version-history":[{"count":8,"href":"https:\/\/didierlemarchand.net\/site\/wp-json\/wp\/v2\/pages\/1547\/revisions"}],"predecessor-version":[{"id":2221,"href":"https:\/\/didierlemarchand.net\/site\/wp-json\/wp\/v2\/pages\/1547\/revisions\/2221"}],"up":[{"embeddable":true,"href":"https:\/\/didierlemarchand.net\/site\/wp-json\/wp\/v2\/pages\/1298"}],"wp:attachment":[{"href":"https:\/\/didierlemarchand.net\/site\/wp-json\/wp\/v2\/media?parent=1547"}],"curies":[{"name":"wp","href":"https:\/\/api.w.org\/{rel}","templated":true}]}}