{"id":1298,"date":"2018-01-18T09:28:00","date_gmt":"2018-01-18T08:28:00","guid":{"rendered":"http:\/\/didierlemarchand.net\/site\/?page_id=1298"},"modified":"2025-10-06T19:03:29","modified_gmt":"2025-10-06T17:03:29","slug":"espace","status":"publish","type":"page","link":"https:\/\/didierlemarchand.net\/site\/portfolio-2\/espace\/","title":{"rendered":"espace"},"content":{"rendered":"<h4><em>L&rsquo;espace ne se limite pas seulement \u00e0 ce que nous parcourons avec nos pieds.<\/em><\/h4>\n<p>&nbsp;<\/p>\n<hr \/>\n<p><strong>\u00e9chapp\u00e9e 3<\/strong> &#8211; 2022<\/p>\n<p style=\"padding-left: 30px;\"><a href=\"https:\/\/didierlemarchand.net\/site\/portfolio-2\/espace\/echappee_3\/\" rel=\"noopener\"><img loading=\"lazy\" decoding=\"async\" class=\"alignnone size-medium colorbox-1298\" src=\"http:\/\/www.didierlemarchand.net\/4_site_nouveau\/portfolio-N2\/espace_N2\/echappee_3.jpeg\" width=\"216\" height=\"216\" \/><\/a><\/p>\n<hr \/>\n<p><strong>trou\u00e9e 4<\/strong> &#8211; 2022<\/p>\n<p style=\"padding-left: 30px;\"><a href=\"https:\/\/didierlemarchand.net\/site\/portfolio-2\/espace\/trouee_4\/\" rel=\"noopener\"><img loading=\"lazy\" decoding=\"async\" class=\"alignnone size-medium colorbox-1298\" src=\"http:\/\/www.didierlemarchand.net\/4_site_nouveau\/portfolio-N2\/espace_N2\/trouee_4.jpeg\" width=\"216\" height=\"216\" \/><\/a><\/p>\n<hr \/>\n<p><strong>limbe<\/strong> &#8211; 2022<\/p>\n<p style=\"padding-left: 30px;\"><a href=\"https:\/\/didierlemarchand.net\/site\/portfolio-2\/espace\/limbes\/\" rel=\"noopener\"><img loading=\"lazy\" decoding=\"async\" class=\"alignnone size-medium colorbox-1298\" src=\"http:\/\/www.didierlemarchand.net\/4_site_nouveau\/portfolio-N2\/espace_N2\/limbe.jpeg\" width=\"216\" height=\"216\" \/><\/a><\/p>\n<hr \/>\n<p><strong>lieu 1.12<\/strong> &#8211; 2022<\/p>\n<p style=\"padding-left: 30px;\"><a href=\"https:\/\/didierlemarchand.net\/site\/portfolio-2\/espace\/lieu_112\/\" rel=\"noopener\"><img loading=\"lazy\" decoding=\"async\" class=\"alignnone size-medium colorbox-1298\" src=\"http:\/\/www.didierlemarchand.net\/4_site_nouveau\/portfolio-N2\/espace_N2\/lieu_112.jpeg\" width=\"216\" height=\"216\" \/><\/a><\/p>\n<hr \/>\n<p><strong>lieu 1.03<\/strong> &#8211; 2022<\/p>\n<p style=\"padding-left: 30px;\"><a href=\"https:\/\/didierlemarchand.net\/site\/portfolio-2\/espace\/lieu_103\/\" rel=\"noopener\"><img loading=\"lazy\" decoding=\"async\" class=\"alignnone size-medium colorbox-1298\" src=\"http:\/\/www.didierlemarchand.net\/4_site_nouveau\/portfolio-N2\/espace_N2\/lieu_103.jpeg\" width=\"216\" height=\"216\" \/><\/a><\/p>\n<hr \/>\n<p><strong>lieu 1.01<\/strong> &#8211; 2022<\/p>\n<p style=\"padding-left: 30px;\"><a href=\"https:\/\/didierlemarchand.net\/site\/portfolio-2\/espace\/lieu_101\/\" rel=\"noopener\"><img loading=\"lazy\" decoding=\"async\" class=\"alignnone size-medium colorbox-1298\" src=\"http:\/\/www.didierlemarchand.net\/4_site_nouveau\/portfolio-N2\/espace_N2\/lieu_101.jpeg\" width=\"216\" height=\"216\" \/><\/a><\/p>\n<hr \/>\n<p><strong>Tokyo<\/strong> &#8211; 2019<\/p>\n<p style=\"padding-left: 30px;\"><a href=\"https:\/\/didierlemarchand.net\/site\/portfolio-2\/espace\/tokyo\/\" rel=\"noopener\"><img loading=\"lazy\" decoding=\"async\" class=\"alignnone size-medium colorbox-1298\" src=\"http:\/\/www.didierlemarchand.net\/4_site_nouveau\/portfolio-N2\/espace_N2\/tokyo.jpg\" width=\"357\" height=\"177\" \/><\/a><\/p>\n<hr \/>\n<p><strong>lieux 2<\/strong> &#8211; 2013<\/p>\n<p style=\"padding-left: 30px;\"><a href=\"https:\/\/didierlemarchand.net\/site\/portfolio-2\/espace\/espace-16-lieux\/\" rel=\"noopener\"><img loading=\"lazy\" decoding=\"async\" class=\"alignnone size-medium colorbox-1298\" src=\"http:\/\/www.didierlemarchand.net\/4_site_nouveau\/portfolio-N2\/espace_N2\/lieux_2.jpg\" width=\"315\" height=\"177\" \/><\/a><\/p>\n<hr \/>\n<p><strong>toile 1<\/strong> &#8211; 2007\/2009<\/p>\n<p style=\"padding-left: 30px;\"><a href=\"https:\/\/didierlemarchand.net\/site\/portfolio-2\/espace\/toile-1\/\"><img loading=\"lazy\" decoding=\"async\" class=\"alignnone colorbox-1298\" src=\"http:\/\/www.didierlemarchand.net\/4_site_nouveau\/portfolio-N2\/espace_N2\/toile_01.jpg\" alt=\"toile 1\" width=\"216\" height=\"216\" border=\"0\" \/><\/a><\/p>\n<hr \/>\n<p><span style=\"line-height: 1.5em;\"><strong>entrefils <\/strong>&#8211; 2006<br \/>\n<\/span><\/p>\n<p style=\"padding-left: 30px;\"><a href=\"https:\/\/didierlemarchand.net\/site\/prises-de-vue\/entrefil-1\/\"><img class=\"colorbox-1298\"  loading=\"lazy\" decoding=\"async\" src=\"http:\/\/www.didierlemarchand.net\/4_site_nouveau\/portfolio-N2\/espace_N2\/entrefil_01.jpg\" alt=\"entrefil 1\" width=\"216\" height=\"216\" border=\"0\" \/><\/a><\/p>\n<hr \/>\n<p><span style=\"line-height: 1.5em;\"><strong>Prague<\/strong> &#8211; 2002<br \/>\n<\/span><\/p>\n<p style=\"padding-left: 30px;\"><a href=\"https:\/\/didierlemarchand.net\/site\/prises-de-vue\/prague\/\"><img class=\"colorbox-1298\"  loading=\"lazy\" decoding=\"async\" src=\"http:\/\/www.didierlemarchand.net\/4_site_nouveau\/portfolio-N2\/espace_N2\/prague.jpg\" alt=\"Prague\" width=\"357\" height=\"177\" border=\"0\" \/><\/a><\/p>\n<hr \/>\n<p><span style=\"line-height: 1.5em;\"><strong>transfert<\/strong> &#8211; 2000<\/span><\/p>\n<p style=\"padding-left: 30px;\"><a href=\"https:\/\/didierlemarchand.net\/site\/portfolio-2\/espace\/transfert\/\"><img class=\"colorbox-1298\"  loading=\"lazy\" decoding=\"async\" src=\"http:\/\/www.didierlemarchand.net\/4_site_nouveau\/portfolio-N2\/espace_N2\/transfert.jpg\" alt=\"transfert 1\" width=\"249\" height=\"186\" border=\"0\" \/><\/a><\/p>\n<hr \/>\n<p><span style=\"line-height: 1.5em;\"><strong>apparence 5<\/strong> &#8211; 2000<br \/>\n<\/span><\/p>\n<p style=\"padding-left: 30px;\"><a href=\"https:\/\/didierlemarchand.net\/site\/portfolio-2\/espace\/apparence-5\/\"><img class=\"colorbox-1298\"  loading=\"lazy\" decoding=\"async\" src=\"http:\/\/www.didierlemarchand.net\/4_site_nouveau\/portfolio-N2\/espace_N2\/apparence_07.jpg\" alt=\"apparence 7\" width=\"251\" height=\"186\" border=\"0\" \/><\/a><\/p>\n<hr \/>\n<p><strong>apparence 4<\/strong> &#8211; 2000<\/p>\n<p style=\"padding-left: 30px;\"><a href=\"https:\/\/didierlemarchand.net\/site\/prises-de-vue\/apparence-4\/ \"><img class=\"colorbox-1298\"  loading=\"lazy\" decoding=\"async\" src=\"http:\/\/www.didierlemarchand.net\/4_site_nouveau\/portfolio-N2\/espace_N2\/apparence_04.jpg\" alt=\"apparence 4\" width=\"246\" height=\"186\" border=\"0\" \/><\/a><\/p>\n<hr \/>\n<p><strong>baie 1<\/strong> &#8211; 1999<\/p>\n<p style=\"padding-left: 30px;\"><a href=\"https:\/\/didierlemarchand.net\/site\/prises-de-vue\/baie-1\/\"><img class=\"colorbox-1298\"  loading=\"lazy\" decoding=\"async\" src=\"http:\/\/www.didierlemarchand.net\/4_site_nouveau\/portfolio-N2\/espace_N2\/baie_01.jpg\" alt=\"baie 1\" width=\"254\" height=\"186\" border=\"0\" \/><\/a><\/p>\n<hr \/>\n<p><strong>paysage 4<\/strong> &#8211; 1999<\/p>\n<p style=\"padding-left: 30px;\"><a href=\" https:\/\/didierlemarchand.net\/site\/prises-de-vue\/paysage-9\/\"><img class=\"colorbox-1298\"  loading=\"lazy\" decoding=\"async\" src=\"http:\/\/www.didierlemarchand.net\/4_site_nouveau\/portfolio-N2\/espace_N2\/paysage_09.jpg\" alt=\"paysage 09\" width=\"319\" height=\"177\" border=\"0\" \/><\/a><\/p>\n<hr \/>\n<p><strong>accident 4<\/strong> &#8211; 1999<\/p>\n<p style=\"padding-left: 30px;\"><a href=\"https:\/\/didierlemarchand.net\/site\/prises-dimages\/accident-4\/\"><img class=\"colorbox-1298\"  loading=\"lazy\" decoding=\"async\" src=\"http:\/\/www.didierlemarchand.net\/4_site_nouveau\/portfolio-N2\/espace_N2\/accident_04.jpg\" alt=\"accident 4\" width=\"276\" height=\"177\" border=\"0\" \/><\/a><\/p>\n<hr \/>\n<p><strong>pr\u00e9l\u00e8vement 3<\/strong> &#8211; 1998<\/p>\n<p style=\"padding-left: 30px;\"><a href=\"https:\/\/didierlemarchand.net\/site\/prelevement-3\/\"><img class=\"colorbox-1298\"  loading=\"lazy\" decoding=\"async\" src=\"http:\/\/www.didierlemarchand.net\/4_site_nouveau\/portfolio-N2\/espace_N2\/prelevement_3.jpg\" alt=\"pr\u00e9l\u00e8vement 2\" width=\"253\" height=\"186\" border=\"0\" \/><\/a><\/p>\n<hr \/>\n<p><strong>pr\u00e9l\u00e8vement 2<\/strong> &#8211; 1998<\/p>\n<p style=\"padding-left: 30px;\"><a href=\"https:\/\/didierlemarchand.net\/site\/prises-dimages\/prelevement-2\/\"><img loading=\"lazy\" decoding=\"async\" class=\"alignnone size-medium colorbox-1298\" src=\"http:\/\/www.didierlemarchand.net\/4_site_nouveau\/portfolio-N2\/espace_N2\/prelevement_2.JPG\" width=\"211\" height=\"245\" \/><\/a><\/p>\n<hr \/>\n<p><strong>pr\u00e9l\u00e8vement 1<\/strong> &#8211; 1998<\/p>\n<p style=\"padding-left: 30px;\"><a href=\"https:\/\/didierlemarchand.net\/site\/prelevement-1\/\"><img class=\"colorbox-1298\"  loading=\"lazy\" decoding=\"async\" src=\"http:\/\/www.didierlemarchand.net\/4_site_nouveau\/portfolio-N2\/espace_N2\/prelevement_1.jpg\" alt=\"pr\u00e9l\u00e8vement 1\" width=\"211\" height=\"245\" border=\"0\" \/><\/a><\/p>\n<hr \/>\n<p><strong>apparence 3<\/strong> &#8211; 1997<\/p>\n<p style=\"padding-left: 30px;\"><a href=\"https:\/\/didierlemarchand.net\/site\/apparence-3\/\"><img class=\"colorbox-1298\"  loading=\"lazy\" decoding=\"async\" src=\"http:\/\/www.didierlemarchand.net\/4_site_nouveau\/portfolio-N2\/espace_N2\/apparence_03.jpg\" alt=\"apparence 3\" width=\"216\" height=\"216\" border=\"0\" \/><\/a><\/p>\n<hr \/>\n<p><strong>apparence 2<\/strong> &#8211; 1997<\/p>\n<p style=\"padding-left: 30px;\"><a href=\"https:\/\/didierlemarchand.net\/site\/prises-de-vue\/apparence-2\/\"><img class=\"colorbox-1298\"  loading=\"lazy\" decoding=\"async\" src=\"http:\/\/www.didierlemarchand.net\/4_site_nouveau\/portfolio-N2\/espace_N2\/apparence_02.jpg\" alt=\"apparence 2\" width=\"216\" height=\"216\" border=\"0\" \/><\/a><\/p>\n<hr \/>\n<p><strong>apparence 1<\/strong> &#8211; 1997<\/p>\n<div id=\"pratiques_repro\" style=\"padding-left: 30px;\"><a href=\"https:\/\/didierlemarchand.net\/site\/prises-de-vue\/apparence-1\/ \"><img class=\"colorbox-1298\"  loading=\"lazy\" decoding=\"async\" src=\"http:\/\/www.didierlemarchand.net\/4_site_nouveau\/portfolio-N2\/espace_N2\/apparence_01.jpg\" alt=\"apparence 1\" width=\"236\" height=\"200\" border=\"0\" \/><\/a><\/div>\n<hr \/>\n<p><strong>arri\u00e8re-fond 1 &amp; 2 <\/strong>&#8211; 1997<\/p>\n<p style=\"padding-left: 30px;\"><a href=\"https:\/\/didierlemarchand.net\/site\/travaux-anciens\/arriere-fond-6-7\/\"><img class=\"colorbox-1298\"  loading=\"lazy\" decoding=\"async\" src=\"http:\/\/www.didierlemarchand.net\/4_site_nouveau\/portfolio-N2\/espace_N2\/arriere_fond_06.jpg\" alt=\"arri\u00e8re-fond\" width=\"205\" height=\"228\" border=\"0\" \/><\/a><\/p>\n<hr \/>\n<p><strong>r\u00e9manence 1<\/strong> &#8211; 1997<\/p>\n<p style=\"padding-left: 30px;\"><a href=\"https:\/\/didierlemarchand.net\/site\/travaux-anciens\/remanence-1\/\"><img class=\"colorbox-1298\"  loading=\"lazy\" decoding=\"async\" src=\"http:\/\/www.didierlemarchand.net\/4_site_nouveau\/portfolio-N2\/espace_N2\/remanence_05_01.jpg\" alt=\"r\u00e9manence 5.4\" width=\"216\" height=\"216\" border=\"0\" \/><\/a><\/p>\n<hr \/>\n<p><strong>co\u00efncidences 1<\/strong> &#8211; 1996<\/p>\n<p style=\"padding-left: 30px;\"><a href=\"https:\/\/didierlemarchand.net\/site\/travaux-anciens\/coincidences-1\/\"><img class=\"colorbox-1298\"  loading=\"lazy\" decoding=\"async\" src=\"http:\/\/www.didierlemarchand.net\/4_site_nouveau\/portfolio-N2\/espace_N2\/peinture_14.png\" alt=\"co\u00efncidences 1\" width=\"250\" height=\"186\" border=\"0\" \/><\/a><\/p>\n<hr \/>\n<p><strong>occurrences 4<\/strong> &#8211; 1995<\/p>\n<p style=\"padding-left: 30px;\"><a href=\"https:\/\/didierlemarchand.net\/site\/travaux-anciens\/occurrences-4\/\"><img class=\"colorbox-1298\"  loading=\"lazy\" decoding=\"async\" src=\"http:\/\/www.didierlemarchand.net\/4_site_nouveau\/portfolio-N2\/espace_N2\/photocopie_09.jpg\" alt=\"occurrences 4\" width=\"261\" height=\"179\" border=\"0\" \/><\/a><\/p>\n<hr \/>\n<p><strong>occurrences 3<\/strong> &#8211; 1995<\/p>\n<p style=\"padding-left: 30px;\"><a href=\"https:\/\/didierlemarchand.net\/site\/portfolio-2\/espace\/occurrences-3\/\"><img loading=\"lazy\" decoding=\"async\" class=\"alignnone colorbox-1298\" src=\"http:\/\/www.didierlemarchand.net\/4_site_nouveau\/portfolio-N2\/espace_N2\/photocopie_08.jpg\" alt=\"occurrences 3\" width=\"216\" height=\"216\" border=\"0\" \/><\/a><\/p>\n<hr \/>\n<p><strong>travers(\u00e9)es 10<\/strong> &#8211; 1994<\/p>\n<p style=\"padding-left: 30px;\"><a href=\"https:\/\/didierlemarchand.net\/site\/travaux-anciens\/traversees-10\/\"><img class=\"colorbox-1298\"  loading=\"lazy\" decoding=\"async\" src=\"http:\/\/www.didierlemarchand.net\/4_site_nouveau\/portfolio-N2\/espace_N2\/peinture_13.png\" alt=\"travers(\u00e9)es 10\" width=\"228\" height=\"205\" border=\"0\" \/><\/a><\/p>\n<hr \/>\n<p><strong>travers(\u00e9)es 9<\/strong> &#8211; 1994<\/p>\n<p style=\"padding-left: 30px;\"><a href=\"https:\/\/didierlemarchand.net\/site\/travaux-anciens\/traversees-9\/\"><img class=\"colorbox-1298\"  loading=\"lazy\" decoding=\"async\" src=\"http:\/\/www.didierlemarchand.net\/4_site_nouveau\/portfolio-N2\/espace_N2\/peinture_12.png\" alt=\"travers(\u00e9)es 9\" width=\"237\" height=\"207\" border=\"0\" \/><\/a><\/p>\n<hr \/>\n<p><strong>travers(\u00e9)es 7<\/strong> &#8211; 1994<\/p>\n<p style=\"padding-left: 30px;\"><a href=\"https:\/\/didierlemarchand.net\/site\/travaux-anciens\/traversees7\/ \"><img class=\"colorbox-1298\"  loading=\"lazy\" decoding=\"async\" src=\"http:\/\/www.didierlemarchand.net\/4_site_nouveau\/portfolio-N2\/espace_N2\/peinture_11.png\" alt=\"travers(\u00e9)es 7\" width=\"286\" height=\"164\" border=\"0\" \/><\/a><\/p>\n<hr \/>\n<p><strong>travers(\u00e9)es 6<\/strong> &#8211; 1994<\/p>\n<p style=\"padding-left: 30px;\"><a href=\"https:\/\/didierlemarchand.net\/site\/travaux-anciens\/traversees-6\/\"><img class=\"colorbox-1298\"  loading=\"lazy\" decoding=\"async\" src=\"http:\/\/www.didierlemarchand.net\/4_site_nouveau\/portfolio-N2\/espace_N2\/peinture_10.png\" alt=\"travers(\u00e9)es 6\" width=\"216\" height=\"237\" border=\"0\" \/><\/a><\/p>\n<hr \/>\n<p><strong>travers(\u00e9)es 5<\/strong> &#8211; 1993<\/p>\n<p style=\"padding-left: 30px;\"><a href=\"https:\/\/didierlemarchand.net\/site\/travaux-anciens\/traversees-5\/\"><img class=\"colorbox-1298\"  loading=\"lazy\" decoding=\"async\" src=\"http:\/\/www.didierlemarchand.net\/4_site_nouveau\/portfolio-N2\/espace_N2\/peinture_09.png\" alt=\"travers(\u00e9)es 5\" width=\"266\" height=\"176\" border=\"0\" \/><\/a><\/p>\n<hr \/>\n<p><strong>occurrences 2<\/strong> &#8211; 1994<\/p>\n<p style=\"padding-left: 30px;\"><a href=\" https:\/\/didierlemarchand.net\/site\/travaux-anciens\/occurrences-2\/\"><img class=\"colorbox-1298\"  loading=\"lazy\" decoding=\"async\" src=\"http:\/\/www.didierlemarchand.net\/4_site_nouveau\/portfolio-N2\/espace_N2\/photocopie_06.jpg\" alt=\"occurrences 2\" width=\"437\" height=\"106\" border=\"0\" \/><\/a><\/p>\n<hr \/>\n<p><strong>occurrences 1<\/strong> &#8211; 1994<\/p>\n<p style=\"padding-left: 30px;\"><a href=\"https:\/\/didierlemarchand.net\/site\/travaux-anciens\/occurrences-1\/\"><img class=\"colorbox-1298\"  loading=\"lazy\" decoding=\"async\" src=\"http:\/\/www.didierlemarchand.net\/4_site_nouveau\/portfolio-N2\/espace_N2\/photocopie_07.jpg\" alt=\"occurrences 1\" width=\"216\" height=\"216\" border=\"0\" \/><\/a><\/p>\n<hr \/>\n<p><strong>travers(\u00e9)es 4<\/strong> &#8211; 1992.93<\/p>\n<p style=\"padding-left: 30px;\"><a href=\"https:\/\/didierlemarchand.net\/site\/travaux-anciens\/traversees-4\/\"><img class=\"colorbox-1298\"  loading=\"lazy\" decoding=\"async\" src=\"http:\/\/www.didierlemarchand.net\/4_site_nouveau\/portfolio-N2\/espace_N2\/peinture_08.jpg\" alt=\"travers(\u00e9)es 4\" width=\"253\" height=\"185\" border=\"0\" \/><\/a><\/p>\n<hr \/>\n<p><strong>travers(\u00e9)es 3<\/strong> &#8211; 1992<\/p>\n<p style=\"padding-left: 30px;\"><a href=\"https:\/\/didierlemarchand.net\/site\/travaux-anciens\/traversees3\/\"><img class=\"colorbox-1298\"  loading=\"lazy\" decoding=\"async\" src=\"http:\/\/www.didierlemarchand.net\/4_site_nouveau\/portfolio-N2\/espace_N2\/peinture_07.png\" alt=\"travers(\u00e9)es 3\" width=\"253\" height=\"185\" border=\"0\" \/><\/a><\/p>\n<hr \/>\n<p><strong>fissure<\/strong> &#8211; 1988<\/p>\n<p style=\"padding-left: 30px;\"><a href=\"https:\/\/didierlemarchand.net\/site\/travaux-anciens\/fissure\/\"><img class=\"colorbox-1298\"  loading=\"lazy\" decoding=\"async\" src=\"http:\/\/www.didierlemarchand.net\/4_site_nouveau\/portfolio-N2\/espace_N2\/photocopie_02.jpg\" alt=\"fissures\" width=\"106\" height=\"439\" border=\"0\" \/><\/a><\/p>\n<hr \/>\n<p><strong>vitres expos\u00e9es<\/strong> &#8211; 1988<\/p>\n<p style=\"padding-left: 30px;\"><a href=\"https:\/\/didierlemarchand.net\/site\/travaux-anciens\/vitres-exposees\/\"><img class=\"colorbox-1298\"  loading=\"lazy\" decoding=\"async\" src=\"http:\/\/www.didierlemarchand.net\/4_site_nouveau\/portfolio-N2\/espace_N2\/photocopie_01.jpg\" alt=\"vitres expos\u00e9es\" width=\"254\" height=\"185\" border=\"0\" \/><\/a><\/p>\n<hr \/>\n<p><strong>flaque de verre<\/strong> &#8211; 1988<\/p>\n<p style=\"padding-left: 30px;\"><a href=\"https:\/\/didierlemarchand.net\/site\/travaux-anciens\/flaque-de-verre\/ \"><img class=\"colorbox-1298\"  loading=\"lazy\" decoding=\"async\" src=\"http:\/\/www.didierlemarchand.net\/4_site_nouveau\/portfolio-N2\/espace_N2\/peinture_06.jpg\" alt=\"flaque de verre\" width=\"308\" height=\"153\" border=\"0\" \/><\/a><\/p>\n<hr \/>\n<p><strong>adh\u00e9rences<\/strong> &#8211; 1987<\/p>\n<p style=\"padding-left: 30px;\"><a href=\"https:\/\/didierlemarchand.net\/site\/travaux-anciens\/adherences\/\"><img class=\"colorbox-1298\"  loading=\"lazy\" decoding=\"async\" src=\"http:\/\/www.didierlemarchand.net\/4_site_nouveau\/portfolio-N2\/espace_N2\/divers_1.jpg\" alt=\"adh\u00e9rence\" width=\"182\" height=\"258\" border=\"0\" \/><\/a><\/p>\n<hr \/>\n<p><strong>sublimations<\/strong> &#8211; 1987<\/p>\n<p style=\"padding-left: 30px;\"><a href=\"https:\/\/didierlemarchand.net\/site\/portfolio-2\/espace\/sublimations\/\"><img loading=\"lazy\" decoding=\"async\" class=\"alignnone colorbox-1298\" src=\"http:\/\/www.didierlemarchand.net\/4_site_nouveau\/portfolio-N2\/espace_N2\/divers_2.jpg\" alt=\"sublimation\" width=\"182\" height=\"258\" border=\"0\" \/><\/a><\/p>\n<hr \/>\n<p><strong>porte<\/strong> &#8211; 1987<\/p>\n<p style=\"padding-left: 30px;\"><a href=\"https:\/\/didierlemarchand.net\/site\/portfolio-2\/espace\/portes\/\" rel=\"noopener\"><img loading=\"lazy\" decoding=\"async\" class=\"alignnone colorbox-1298\" src=\"http:\/\/www.didierlemarchand.net\/4_site_nouveau\/portfolio-N2\/espace_N2\/peinture_05.jpg\" alt=\"porte\" width=\"183\" height=\"256\" border=\"0\" \/><\/a><\/p>\n<hr \/>\n<p><strong>ouverture 8<\/strong> &#8211; 1987<\/p>\n<p style=\"padding-left: 30px;\"><a href=\" https:\/\/didierlemarchand.net\/site\/travaux-anciens\/ouvertures-8\/\"><img class=\"colorbox-1298\"  loading=\"lazy\" decoding=\"async\" src=\"http:\/\/www.didierlemarchand.net\/4_site_nouveau\/portfolio-N2\/espace_N2\/peinture_04.jpg\" alt=\"ouverture 8\" width=\"194\" height=\"241\" border=\"0\" \/><\/a><\/p>\n<hr \/>\n<p><strong>ouverture 7<\/strong> &#8211; 1987<\/p>\n<p style=\"padding-left: 30px;\"><a href=\"https:\/\/didierlemarchand.net\/site\/portfolio-2\/espace\/ouverture-7\/\"><img loading=\"lazy\" decoding=\"async\" class=\"alignnone colorbox-1298\" src=\"http:\/\/www.didierlemarchand.net\/4_site_nouveau\/portfolio-N2\/espace_N2\/peinture_03.jpg\" alt=\"ouverture 7\" width=\"195\" height=\"240\" border=\"0\" \/><\/a><\/p>\n<hr \/>\n<p><strong>\u00e9cran 1<\/strong> &#8211; 1987<\/p>\n<p style=\"padding-left: 30px;\"><a href=\"https:\/\/didierlemarchand.net\/site\/travaux-anciens\/ecrans\/\"><img class=\"colorbox-1298\"  loading=\"lazy\" decoding=\"async\" src=\"http:\/\/www.didierlemarchand.net\/4_site_nouveau\/portfolio-N2\/espace_N2\/peinture_02.jpg\" alt=\"\u00e9cran 1\" width=\"264\" height=\"178\" border=\"0\" \/><\/a><\/p>\n<hr \/>\n<p><strong>\u00e0 la limite<\/strong> &#8211; 1987<\/p>\n<p style=\"padding-left: 30px;\"><a href=\"https:\/\/didierlemarchand.net\/site\/travaux-anciens\/a-la-limite\/\"><img class=\"colorbox-1298\"  loading=\"lazy\" decoding=\"async\" src=\"http:\/\/www.didierlemarchand.net\/4_site_nouveau\/portfolio-N2\/espace_N2\/peinture_01.jpg\" alt=\"\u00e0 la limite\" width=\"109\" height=\"428\" border=\"0\" \/><\/a><\/p>\n","protected":false},"excerpt":{"rendered":"<p>L&rsquo;espace ne se limite pas seulement \u00e0 ce que nous parcourons avec nos pieds. &nbsp; \u00e9chapp\u00e9e 3 &#8211; 2022 trou\u00e9e <span class=\"ellipsis\">&hellip;<\/span> <span class=\"more-link-wrap\"><a href=\"https:\/\/didierlemarchand.net\/site\/portfolio-2\/espace\/\" class=\"more-link\"><span>Continue Reading &rarr;<\/span><\/a><\/span><\/p>\n","protected":false},"author":2,"featured_media":0,"parent":1164,"menu_order":77,"comment_status":"closed","ping_status":"closed","template":"","meta":{"_seopress_robots_primary_cat":"","_seopress_titles_title":"","_seopress_titles_desc":"","_seopress_robots_index":"","footnotes":""},"_links":{"self":[{"href":"https:\/\/didierlemarchand.net\/site\/wp-json\/wp\/v2\/pages\/1298"}],"collection":[{"href":"https:\/\/didierlemarchand.net\/site\/wp-json\/wp\/v2\/pages"}],"about":[{"href":"https:\/\/didierlemarchand.net\/site\/wp-json\/wp\/v2\/types\/page"}],"author":[{"embeddable":true,"href":"https:\/\/didierlemarchand.net\/site\/wp-json\/wp\/v2\/users\/2"}],"replies":[{"embeddable":true,"href":"https:\/\/didierlemarchand.net\/site\/wp-json\/wp\/v2\/comments?post=1298"}],"version-history":[{"count":63,"href":"https:\/\/didierlemarchand.net\/site\/wp-json\/wp\/v2\/pages\/1298\/revisions"}],"predecessor-version":[{"id":20446,"href":"https:\/\/didierlemarchand.net\/site\/wp-json\/wp\/v2\/pages\/1298\/revisions\/20446"}],"up":[{"embeddable":true,"href":"https:\/\/didierlemarchand.net\/site\/wp-json\/wp\/v2\/pages\/1164"}],"wp:attachment":[{"href":"https:\/\/didierlemarchand.net\/site\/wp-json\/wp\/v2\/media?parent=1298"}],"curies":[{"name":"wp","href":"https:\/\/api.w.org\/{rel}","templated":true}]}}