{"id":1035,"date":"2016-04-17T14:51:09","date_gmt":"2016-04-17T12:51:09","guid":{"rendered":"http:\/\/didierlemarchand.net\/site\/?page_id=1035"},"modified":"2018-02-22T10:53:29","modified_gmt":"2018-02-22T09:53:29","slug":"espace-16-lieux","status":"publish","type":"page","link":"https:\/\/didierlemarchand.net\/site\/portfolio-2\/espace\/espace-16-lieux\/","title":{"rendered":"lieux 2"},"content":{"rendered":"<p style=\"text-align: center;\">2013 &#8211; s\u00e9rie en cours &#8211; impressions jet d&rsquo;encre pigmentaire &#8211; 28 x 50 cm<\/p>\n<p style=\"text-align: center;\"><a href=\"http:\/\/didierlemarchand.net\/4_site_nouveau\/dossiers_telechargeables\/D_Lemarchand_lieux_2.pdf\" target=\"_blank\" rel=\"noopener\">dossier de pr\u00e9sentation t\u00e9l\u00e9chargeable<\/a><\/p>\n<h1 style=\"text-align: center;\">&#8211;<\/h1>\n<h1 id=\"photo\" style=\"text-align: center;\"><img class=\"colorbox-1035\"  loading=\"lazy\" decoding=\"async\" src=\"http:\/\/didierlemarchand.net\/4_site_nouveau\/portfolio-N3\/espace_N3\/lieux\/lieux_01.jpg\" alt=\"lieux 2.1\" width=\"660\" height=\"371\" \/><\/h1>\n<h1><\/h1>\n<p>&nbsp;<\/p>\n<h1 style=\"text-align: center;\">&#8211;<\/h1>\n<h1><\/h1>\n<p>&nbsp;<\/p>\n<h1 id=\"photo\" style=\"text-align: center;\"><img class=\"colorbox-1035\"  loading=\"lazy\" decoding=\"async\" src=\"http:\/\/didierlemarchand.net\/4_site_nouveau\/portfolio-N3\/espace_N3\/lieux\/lieux_02.jpg\" alt=\"lieux 2.2\" width=\"660\" height=\"371\" \/><\/h1>\n<h1><\/h1>\n<p>&nbsp;<\/p>\n<h1 style=\"text-align: center;\">&#8211;<\/h1>\n<h1><\/h1>\n<p>&nbsp;<\/p>\n<h1 id=\"photo\" style=\"text-align: center;\"><img class=\"colorbox-1035\"  loading=\"lazy\" decoding=\"async\" src=\"http:\/\/didierlemarchand.net\/4_site_nouveau\/portfolio-N3\/espace_N3\/lieux\/lieux_03.jpg\" alt=\"lieux 2.3\" width=\"660\" height=\"371\" \/><\/h1>\n<h1><\/h1>\n<p>&nbsp;<\/p>\n<h1 style=\"text-align: center;\">&#8211;<\/h1>\n<h1><\/h1>\n<p>&nbsp;<\/p>\n<h1 id=\"photo\" style=\"text-align: center;\"><img class=\"colorbox-1035\"  loading=\"lazy\" decoding=\"async\" src=\"http:\/\/didierlemarchand.net\/4_site_nouveau\/portfolio-N3\/espace_N3\/lieux\/lieux_04.jpg\" alt=\"lieux 2.4\" width=\"660\" height=\"371\" \/><\/h1>\n<h1><\/h1>\n<p>&nbsp;<\/p>\n<h1 style=\"text-align: center;\">&#8211;<\/h1>\n<h1><\/h1>\n<p>&nbsp;<\/p>\n<h1 id=\"photo\" style=\"text-align: center;\"><img class=\"colorbox-1035\"  loading=\"lazy\" decoding=\"async\" src=\"http:\/\/didierlemarchand.net\/4_site_nouveau\/portfolio-N3\/espace_N3\/lieux\/lieux_05.jpg\" alt=\"lieux 2.5\" width=\"660\" height=\"371\" \/><\/h1>\n<h1><\/h1>\n<p>&nbsp;<\/p>\n<h1 style=\"text-align: center;\">&#8211;<\/h1>\n<h1><\/h1>\n<p>&nbsp;<\/p>\n<h1 id=\"photo\" style=\"text-align: center;\"><img class=\"colorbox-1035\"  loading=\"lazy\" decoding=\"async\" src=\"http:\/\/didierlemarchand.net\/4_site_nouveau\/portfolio-N3\/espace_N3\/lieux\/lieux_07.jpg\" alt=\"lieux 2.7\" width=\"660\" height=\"371\" \/><\/h1>\n<h1><\/h1>\n<p>&nbsp;<\/p>\n<h1 style=\"text-align: center;\">&#8211;<\/h1>\n<h1><\/h1>\n<p>&nbsp;<\/p>\n<h1 id=\"photo\" style=\"text-align: center;\"><img class=\"colorbox-1035\"  loading=\"lazy\" decoding=\"async\" src=\"http:\/\/didierlemarchand.net\/4_site_nouveau\/portfolio-N3\/espace_N3\/lieux\/lieux_08.jpg\" alt=\"lieux 2.8\" width=\"660\" height=\"371\" \/><\/h1>\n<h1><\/h1>\n<p>&nbsp;<\/p>\n<h1 style=\"text-align: center;\">&#8211;<\/h1>\n<h1><\/h1>\n<p>&nbsp;<\/p>\n<h1 id=\"photo\" style=\"text-align: center;\"><img class=\"colorbox-1035\"  loading=\"lazy\" decoding=\"async\" src=\"http:\/\/didierlemarchand.net\/4_site_nouveau\/portfolio-N3\/espace_N3\/lieux\/lieux_09.jpg\" alt=\"lieux 2.9\" width=\"660\" height=\"371\" \/><\/h1>\n<h1><\/h1>\n<p>&nbsp;<\/p>\n<h1 style=\"text-align: center;\">&#8211;<\/h1>\n<h1><\/h1>\n<p>&nbsp;<\/p>\n<h1 id=\"photo\" style=\"text-align: center;\"><img class=\"colorbox-1035\"  loading=\"lazy\" decoding=\"async\" src=\"http:\/\/didierlemarchand.net\/4_site_nouveau\/portfolio-N3\/espace_N3\/lieux\/lieux_11.jpg\" alt=\"lieux 2.11\" width=\"660\" height=\"371\" \/><\/h1>\n<h1><\/h1>\n<p>&nbsp;<\/p>\n<h1 style=\"text-align: center;\">&#8211;<\/h1>\n<h1><\/h1>\n<p>&nbsp;<\/p>\n<h1 id=\"photo_fin\" style=\"text-align: center;\"><img class=\"colorbox-1035\"  loading=\"lazy\" decoding=\"async\" src=\"http:\/\/didierlemarchand.net\/4_site_nouveau\/portfolio-N3\/espace_N3\/lieux\/lieux_10.jpg\" alt=\"lieux 2.10\" width=\"660\" height=\"371\" \/><\/h1>\n<h1><\/h1>\n<p>&nbsp;<\/p>\n<h1 style=\"text-align: center;\">&#8211;<\/h1>\n<h1><\/h1>\n<p>&nbsp;<\/p>\n<h1 id=\"photo_fin\" style=\"text-align: center;\"><img class=\"colorbox-1035\"  loading=\"lazy\" decoding=\"async\" src=\"http:\/\/didierlemarchand.net\/4_site_nouveau\/portfolio-N3\/espace_N3\/lieux\/lieux_11.jpg\" alt=\"lieux 2.11\" width=\"660\" height=\"371\" \/><\/h1>\n<h1><\/h1>\n<p>&nbsp;<\/p>\n<h1 style=\"text-align: center;\">&#8211;<\/h1>\n<h1><\/h1>\n<p>&nbsp;<\/p>\n<h1 id=\"photo_fin\" style=\"text-align: center;\"><img class=\"colorbox-1035\"  loading=\"lazy\" decoding=\"async\" src=\"http:\/\/didierlemarchand.net\/4_site_nouveau\/portfolio-N3\/espace_N3\/lieux\/lieux_12.jpg\" alt=\"lieux 2.12\" width=\"660\" height=\"371\" \/><\/h1>\n<h1><\/h1>\n<p>&nbsp;<\/p>\n<h1 style=\"text-align: center;\">&#8211;<\/h1>\n<h1><\/h1>\n<p>&nbsp;<\/p>\n<h1 id=\"photo_fin\" style=\"text-align: center;\"><img class=\"colorbox-1035\"  loading=\"lazy\" decoding=\"async\" src=\"http:\/\/didierlemarchand.net\/4_site_nouveau\/portfolio-N3\/espace_N3\/lieux\/lieux_13.jpg\" alt=\"lieux 2.13\" width=\"660\" height=\"371\" \/><\/h1>\n<h1><\/h1>\n<p>&nbsp;<\/p>\n<h1 style=\"text-align: center;\">&#8211;<\/h1>\n<h1><\/h1>\n<p>&nbsp;<\/p>\n<h1 id=\"photo_fin\" style=\"text-align: center;\"><img class=\"colorbox-1035\"  loading=\"lazy\" decoding=\"async\" src=\"http:\/\/didierlemarchand.net\/4_site_nouveau\/portfolio-N3\/espace_N3\/lieux\/lieux_14.jpg\" alt=\"lieux 2.14\" width=\"660\" height=\"371\" \/><\/h1>\n<h1><\/h1>\n<p>&nbsp;<\/p>\n<h1 style=\"text-align: center;\">&#8211;<\/h1>\n<h1><\/h1>\n<p>&nbsp;<\/p>\n<h1 id=\"photo_fin\" style=\"text-align: center;\"><img class=\"colorbox-1035\"  loading=\"lazy\" decoding=\"async\" src=\"http:\/\/didierlemarchand.net\/4_site_nouveau\/portfolio-N3\/espace_N3\/lieux\/lieux_15.jpg\" alt=\"lieux 2.15\" width=\"660\" height=\"371\" \/><\/h1>\n<h1><\/h1>\n<p>&nbsp;<\/p>\n<h1 style=\"text-align: center;\">&#8211;<\/h1>\n<h1><\/h1>\n<p>&nbsp;<\/p>\n<h1 id=\"photo_fin\" style=\"text-align: center;\"><img class=\"colorbox-1035\"  loading=\"lazy\" decoding=\"async\" src=\"http:\/\/didierlemarchand.net\/4_site_nouveau\/portfolio-N3\/espace_N3\/lieux\/lieux_16.jpg\" alt=\"lieux 2.16\" width=\"660\" height=\"371\" \/><\/h1>\n<h1><\/h1>\n<p>&nbsp;<\/p>\n<h1 style=\"text-align: center;\">&#8211;<\/h1>\n<h1><\/h1>\n<p>&nbsp;<\/p>\n<h1 id=\"photo_fin\" style=\"text-align: center;\"><img class=\"colorbox-1035\"  loading=\"lazy\" decoding=\"async\" src=\"http:\/\/didierlemarchand.net\/4_site_nouveau\/portfolio-N3\/espace_N3\/lieux\/lieux_17.jpg\" alt=\"lieux 2.17\" width=\"660\" height=\"371\" \/><\/h1>\n<h1><\/h1>\n<p>&nbsp;<\/p>\n<h1 style=\"text-align: center;\">&#8211;<\/h1>\n<h1><\/h1>\n<p>&nbsp;<\/p>\n<h1 id=\"photo_fin\" style=\"text-align: center;\"><img class=\"colorbox-1035\"  loading=\"lazy\" decoding=\"async\" src=\"http:\/\/didierlemarchand.net\/4_site_nouveau\/portfolio-N3\/espace_N3\/lieux\/lieux_18.jpg\" alt=\"lieux 2.18\" width=\"660\" height=\"371\" \/><\/h1>\n<h1><\/h1>\n<p>&nbsp;<\/p>\n<h1 style=\"text-align: center;\">&#8211;<\/h1>\n<h1><\/h1>\n<p>&nbsp;<\/p>\n<h1 id=\"photo_fin\" style=\"text-align: center;\"><img class=\"colorbox-1035\"  loading=\"lazy\" decoding=\"async\" src=\"http:\/\/didierlemarchand.net\/4_site_nouveau\/portfolio-N3\/espace_N3\/lieux\/lieux_19.jpg\" alt=\"lieux 2.19\" width=\"660\" height=\"371\" \/><\/h1>\n<h1><\/h1>\n<p>&nbsp;<\/p>\n<h1 style=\"text-align: center;\">&#8211;<\/h1>\n<h1><\/h1>\n<p>&nbsp;<\/p>\n<h1 id=\"photo_fin\" style=\"text-align: center;\"><img class=\"colorbox-1035\"  loading=\"lazy\" decoding=\"async\" src=\"http:\/\/didierlemarchand.net\/4_site_nouveau\/portfolio-N3\/espace_N3\/lieux\/lieux_20.jpg\" alt=\"lieux 2.20\" width=\"660\" height=\"371\" \/><\/h1>\n<h1><\/h1>\n<p>&nbsp;<\/p>\n<h1 style=\"text-align: center;\">&#8211;<\/h1>\n<h1><\/h1>\n<p>&nbsp;<\/p>\n<h1 id=\"photo_fin\" style=\"text-align: center;\"><img class=\"colorbox-1035\"  loading=\"lazy\" decoding=\"async\" src=\"http:\/\/didierlemarchand.net\/4_site_nouveau\/portfolio-N3\/espace_N3\/lieux\/lieux_21.jpg\" alt=\"lieux 2.21\" width=\"660\" height=\"371\" \/><\/h1>\n<h1 style=\"text-align: center;\">&#8211;<\/h1>\n<p><strong>S\u2019ouvrent les fen\u00eatres qui se ferment : il y a deux DE<\/strong><\/p>\n<p>Le travail photographique de Didier Lemarchand, n\u2019a de cesse de questionner ce que l\u2019on voit du monde. Avec cette s\u00e9rie Lieux, il nous invite \u00e0 nous demander o\u00f9 nous sommes, ici, autant qu\u2019\u00e0 Barcelone ou \u00e0 La F\u00e8re, \u00e0 Gand ou \u00e0 Cayeux. Mais sommes-nous o\u00f9 nous croyons que nous sommes ? Qui croyons-nous \u00eatre quand nos yeux se posent sur ces images ?<br \/>\nIl y a deux DE, ce n\u2019est pas un b\u00e9gaiement, plut\u00f4t une sorte de lapsus de l\u2019image, celle qui dit et celle qui se dit, celle qui montre et celle qui se montre.<br \/>\nLe DE du dedans, mais est-ce le dedans que l\u2019on voit ou, ce que le dehors nous permet d\u2019entrevoir ?<br \/>\nLe DE du dehors, mais sommes-nous encore dehors quand le dedans \u00e0 ce point nous absorbe ?<br \/>\nPoint de d\u00e9part ou point d\u2019extraction ?<br \/>\nCes \u00ab fen\u00eatres \u00bb du monde traitent de nous, de notre alt\u00e9rit\u00e9 ontologique, je suis du dedans autant que du dehors qui me fa\u00e7onne, je ne sais pas toujours d\u2019o\u00f9 part mon regard, d\u2019o\u00f9 \u00e9merge ma pens\u00e9e, de moi dedans ou de moi dehors.<br \/>\nCes \u00ab fen\u00eatres \u00bb plus ou moins closes, laissent passer le souffle du dehors, la respiration du dedans.<br \/>\nQuand on y revient, parce qu\u2019on y revient, on ne sait jamais retrouver le point o\u00f9 l\u2019on pensait \u00eatre, notre image ainsi glisse et se renverse et le \u00ab monde \u00bb trouve de nouvelles perspectives.<\/p>\n<p>Denis Dormoy, oct. 2015 \u2013 \u00e0 l\u2019occasion de l\u2019exposition Lieux \u00e0 l\u2019ESPE de Beauvais<\/p>\n","protected":false},"excerpt":{"rendered":"<p>2013 &#8211; s\u00e9rie en cours &#8211; impressions jet d&rsquo;encre pigmentaire &#8211; 28 x 50 cm dossier de pr\u00e9sentation t\u00e9l\u00e9chargeable &#8211; <span class=\"ellipsis\">&hellip;<\/span> <span class=\"more-link-wrap\"><a href=\"https:\/\/didierlemarchand.net\/site\/portfolio-2\/espace\/espace-16-lieux\/\" class=\"more-link\"><span>Continue Reading &rarr;<\/span><\/a><\/span><\/p>\n","protected":false},"author":2,"featured_media":0,"parent":1298,"menu_order":226,"comment_status":"closed","ping_status":"closed","template":"","meta":{"_seopress_robots_primary_cat":"","_seopress_titles_title":"","_seopress_titles_desc":"","_seopress_robots_index":"","footnotes":""},"_links":{"self":[{"href":"https:\/\/didierlemarchand.net\/site\/wp-json\/wp\/v2\/pages\/1035"}],"collection":[{"href":"https:\/\/didierlemarchand.net\/site\/wp-json\/wp\/v2\/pages"}],"about":[{"href":"https:\/\/didierlemarchand.net\/site\/wp-json\/wp\/v2\/types\/page"}],"author":[{"embeddable":true,"href":"https:\/\/didierlemarchand.net\/site\/wp-json\/wp\/v2\/users\/2"}],"replies":[{"embeddable":true,"href":"https:\/\/didierlemarchand.net\/site\/wp-json\/wp\/v2\/comments?post=1035"}],"version-history":[{"count":26,"href":"https:\/\/didierlemarchand.net\/site\/wp-json\/wp\/v2\/pages\/1035\/revisions"}],"predecessor-version":[{"id":2258,"href":"https:\/\/didierlemarchand.net\/site\/wp-json\/wp\/v2\/pages\/1035\/revisions\/2258"}],"up":[{"embeddable":true,"href":"https:\/\/didierlemarchand.net\/site\/wp-json\/wp\/v2\/pages\/1298"}],"wp:attachment":[{"href":"https:\/\/didierlemarchand.net\/site\/wp-json\/wp\/v2\/media?parent=1035"}],"curies":[{"name":"wp","href":"https:\/\/api.w.org\/{rel}","templated":true}]}}